{"id":2,"date":"2014-02-10T14:51:05","date_gmt":"2014-02-10T14:51:05","guid":{"rendered":"http:\/\/lig-membres.imag.fr\/chollet\/?page_id=2"},"modified":"2025-02-07T11:20:55","modified_gmt":"2025-02-07T10:20:55","slug":"page-d-exemple","status":"publish","type":"page","link":"https:\/\/lig-membres.imag.fr\/chollet\/","title":{"rendered":"Accueil"},"content":{"rendered":"<h3><span style=\"font-size: medium;\">St\u00e9phanie Chollet<\/span><\/h3>\n<p>Ma\u00eetre de conf\u00e9rences<\/p>\n<p><em>Ecole nationale sup\u00e9rieure en Syst\u00e8mes Avanc\u00e9s et R\u00e9seaux &#8211; Grenoble INP<\/em><br \/>\n<em>Laboratoire de Conception et d&#8217;Int\u00e9gration des Syst\u00e8mes<\/em><br \/>\n<em> Bureau B\u00a0206<\/em><br \/>\n<em> 26000 Valence<\/em><br \/>\n<b>T\u00e9l\u00a0:<\/b> +33 (0)4 75 75 93 98<br \/>\n<b>Mail\u00a0:<\/b> stephanie.chollet[at]lcis.grenoble-inp.fr<\/p>\n<p><img loading=\"lazy\" decoding=\"async\" class=\" wp-image-50\" src=\"http:\/\/lig-membres.imag.fr\/chollet\/wp-content\/uploads\/sites\/104\/2014\/02\/LogoESISAR-e1392964064428-150x95.jpg\" alt=\"Grenoble INP - Esisar\" width=\"150\" height=\"95\" \/> <img loading=\"lazy\" decoding=\"async\" class=\"alignnone size-full wp-image-49\" src=\"http:\/\/lig-membres.imag.fr\/chollet\/wp-content\/uploads\/sites\/104\/2014\/02\/LCIS_linkedin-e1392964639698.png\" alt=\"LCIS_linkedin\" width=\"158\" height=\"95\" \/><\/p>\n<p>SEE YOU AT<\/p>\n<p><a href=\"http:\/\/csaw-europe.com\/\"><br \/>\n<img loading=\"lazy\" decoding=\"async\" class=\"alignnone size-full wp-image-122\" src=\"http:\/\/lig-membres.imag.fr\/chollet\/wp-content\/uploads\/sites\/104\/2014\/02\/COMM_CSAW-2017.jpg\" alt=\"\" width=\"550\" height=\"68\" srcset=\"https:\/\/lig-membres.imag.fr\/chollet\/wp-content\/uploads\/sites\/104\/2014\/02\/COMM_CSAW-2017.jpg 550w, https:\/\/lig-membres.imag.fr\/chollet\/wp-content\/uploads\/sites\/104\/2014\/02\/COMM_CSAW-2017-300x37.jpg 300w, https:\/\/lig-membres.imag.fr\/chollet\/wp-content\/uploads\/sites\/104\/2014\/02\/COMM_CSAW-2017-500x62.jpg 500w\" sizes=\"auto, (max-width: 550px) 100vw, 550px\" \/><br \/>\n<\/a><\/p>\n<h3><span style=\"font-size: medium;\">St\u00e9phanie Chollet<\/span><\/h3>\n<p>Associate Professor<\/p>\n<p><em>Ecole nationale sup\u00e9rieure en Syst\u00e8mes Avanc\u00e9s et R\u00e9seaux &#8211; Grenoble INP<\/em><br \/>\n<em>Laboratoire de Conception et d&#8217;Int\u00e9gration des Syst\u00e8mes<\/em><br \/>\n<em> Bureau B\u00a0206<\/em><br \/>\n<em> 26000 Valence<\/em><br \/>\n<b>T\u00e9l\u00a0:<\/b> +33 (0)4 75 75 93 98<br \/>\n<b>Mail\u00a0:<\/b> stephanie.chollet[at]lcis.grenoble-inp.fr<\/p>\n<p><img loading=\"lazy\" decoding=\"async\" class=\" wp-image-50\" src=\"http:\/\/lig-membres.imag.fr\/chollet\/wp-content\/uploads\/sites\/104\/2014\/02\/LogoESISAR-e1392964064428-150x95.jpg\" alt=\"Grenoble INP - Esisar\" width=\"150\" height=\"95\" \/> <img loading=\"lazy\" decoding=\"async\" class=\"alignnone size-full wp-image-49\" src=\"http:\/\/lig-membres.imag.fr\/chollet\/wp-content\/uploads\/sites\/104\/2014\/02\/LCIS_linkedin-e1392964639698.png\" alt=\"LCIS_linkedin\" width=\"158\" height=\"95\" \/><\/p>\n<p>SEE YOU AT<br \/>\n<a href=\"http:\/\/icac2016.uni-wuerzburg.de\"><br \/>\n<img loading=\"lazy\" decoding=\"async\" src=\"http:\/\/icac2016.uni-wuerzburg.de\/wp-content\/uploads\/2015\/09\/logo_424x100.png\" alt=\"ICAC '16\" width=\"424\" height=\"100\" border=\"0\" \/><br \/>\n<\/a><\/p>\n<div id=\"ir-ext-ui\" style=\"color: #000000; font-size: 16px; line-height: 16px; background-color: #f7f7f7; border: 1px solid #999999; border-radius: 1px; top: 1px; left: 1px; display: none;\">\n<div class=\"ir-ext-dimensions\"><span class=\"ir-ext-rendered\" title=\"Rendered image dimensions (after any scaling\/resizing has been applied)\"> <span data-ir-ext-width=\"\">550<\/span>x<span data-ir-ext-height=\"\">68<\/span> <\/span> <span class=\"ir-ext-natural\" style=\"display: none;\" title=\"Natural image dimensions (without applying any scaling\/resizing)\"> (<span data-ir-ext-width=\"\">0<\/span>x<span data-ir-ext-height=\"\">0<\/span>) <\/span><\/div>\n<div class=\"ir-ext-filesize\"><span title=\"46741 bytes\" data-ir-ext-value=\"\">45.65<\/span> <span title=\"Kilobyte: 1 KB = 2^10 (1024) bytes\" data-ir-ext-unit=\"\">KB<\/span><\/div>\n<\/div>\n","protected":false},"excerpt":{"rendered":"<p>St\u00e9phanie Chollet Ma\u00eetre de conf\u00e9rences Ecole nationale sup\u00e9rieure en Syst\u00e8mes Avanc\u00e9s et R\u00e9seaux &#8211; Grenoble INP Laboratoire de Conception et d&#8217;Int\u00e9gration des Syst\u00e8mes Bureau B\u00a0206 26000 Valence T\u00e9l\u00a0: +33 (0)4 75 75 93 98 Mail\u00a0: stephanie.chollet[at]lcis.grenoble-inp.fr SEE YOU AT St\u00e9phanie &hellip; <a href=\"https:\/\/lig-membres.imag.fr\/chollet\/\">Continue reading <span class=\"meta-nav\">&rarr;<\/span><\/a><\/p>\n","protected":false},"author":105,"featured_media":0,"parent":0,"menu_order":0,"comment_status":"closed","ping_status":"closed","template":"sidebar-page.php","meta":{"footnotes":""},"class_list":["post-2","page","type-page","status-publish","hentry"],"_links":{"self":[{"href":"https:\/\/lig-membres.imag.fr\/chollet\/wp-json\/wp\/v2\/pages\/2","targetHints":{"allow":["GET"]}}],"collection":[{"href":"https:\/\/lig-membres.imag.fr\/chollet\/wp-json\/wp\/v2\/pages"}],"about":[{"href":"https:\/\/lig-membres.imag.fr\/chollet\/wp-json\/wp\/v2\/types\/page"}],"author":[{"embeddable":true,"href":"https:\/\/lig-membres.imag.fr\/chollet\/wp-json\/wp\/v2\/users\/105"}],"replies":[{"embeddable":true,"href":"https:\/\/lig-membres.imag.fr\/chollet\/wp-json\/wp\/v2\/comments?post=2"}],"version-history":[{"count":22,"href":"https:\/\/lig-membres.imag.fr\/chollet\/wp-json\/wp\/v2\/pages\/2\/revisions"}],"predecessor-version":[{"id":129,"href":"https:\/\/lig-membres.imag.fr\/chollet\/wp-json\/wp\/v2\/pages\/2\/revisions\/129"}],"wp:attachment":[{"href":"https:\/\/lig-membres.imag.fr\/chollet\/wp-json\/wp\/v2\/media?parent=2"}],"curies":[{"name":"wp","href":"https:\/\/api.w.org\/{rel}","templated":true}]}}