{"id":17,"date":"2026-03-24T10:20:10","date_gmt":"2026-03-24T10:20:10","guid":{"rendered":"https:\/\/lig-membres.imag.fr\/ditursif\/?page_id=17"},"modified":"2026-03-26T15:18:13","modified_gmt":"2026-03-26T15:18:13","slug":"enseignements","status":"publish","type":"page","link":"https:\/\/lig-membres.imag.fr\/ditursif\/enseignements\/","title":{"rendered":"Enseignements"},"content":{"rendered":"\n<div class=\"wp-block-cover alignfull has-custom-content-position is-position-bottom-center\" style=\"margin-top:0;margin-bottom:0;padding-top:var(--wp--preset--spacing--50);padding-right:var(--wp--preset--spacing--50);padding-bottom:var(--wp--preset--spacing--50);padding-left:var(--wp--preset--spacing--50);min-height:469px;aspect-ratio:unset;\"><img decoding=\"async\" class=\"wp-block-cover__image-background\" alt=\"Picture of a flower\" src=\"https:\/\/lig-membres.imag.fr\/ditursif\/wp-content\/themes\/twentytwentyfive\/assets\/images\/northern-buttercups-flowers.webp\" style=\"object-position:50% 95%\" data-object-fit=\"cover\" data-object-position=\"50% 95%\" \/><span aria-hidden=\"true\" class=\"wp-block-cover__background has-background-dim-10 has-background-dim\"><\/span><div class=\"wp-block-cover__inner-container has-global-padding is-layout-constrained wp-container-core-cover-is-layout-d89aad35 wp-block-cover-is-layout-constrained\">\n<div class=\"wp-block-group alignwide has-global-padding is-content-justification-left is-layout-constrained wp-container-core-group-is-layout-12dd3699 wp-block-group-is-layout-constrained\">\n<h2 class=\"wp-block-heading has-text-align-left has-xx-large-font-size\"><\/h2>\n\n\n\n<p>Charg\u00e9e de cours depuis 2019, j&#8217;ai donn\u00e9 pr\u00e8s de 548h de cours<\/p>\n\n\n\n<p>\u00e0 CY Cergy-Paris Universit\u00e9 et \u00e0 l&#8217;Universit\u00e9 Grenoble Alpes.<\/p>\n\n\n\n<p>J&#8217;ai essentiellement donn\u00e9 cours \u00e0 un public de g\u00e9ographes, de la Licence 1 au Master 2.<\/p>\n<\/div>\n<\/div><\/div>\n\n\n\n<div class=\"wp-block-columns is-layout-flex wp-container-core-columns-is-layout-28f84493 wp-block-columns-is-layout-flex\">\n<div class=\"wp-block-column is-layout-flow wp-block-column-is-layout-flow\">\n<p>Cartographie et SIG<\/p>\n\n\n\n<ul class=\"wp-block-list has-medium-font-size\">\n<li>Introduction aux Syst\u00e8mes d&#8217;information g\u00e9ographique (L3)<\/li>\n\n\n\n<li>SIG et outils libres (M1)<\/li>\n\n\n\n<li>QGis, ArcGis pro (M1, M2)<\/li>\n<\/ul>\n<\/div>\n\n\n\n<div class=\"wp-block-column is-layout-flow wp-block-column-is-layout-flow\">\n<p>Cours th\u00e9matiques<\/p>\n\n\n\n<ul class=\"wp-block-list has-medium-font-size\">\n<li>Al\u00e9as naturels, technologiques<\/li>\n\n\n\n<li>Gouvernance de la gestion des risques et des crises<\/li>\n\n\n\n<li><\/li>\n<\/ul>\n<\/div>\n<\/div>\n\n\n\n<div class=\"wp-block-group is-nowrap is-layout-flex wp-container-core-group-is-layout-6c531013 wp-block-group-is-layout-flex\"><\/div>\n\n\n\n<p>Cours m\u00e9thodologiques<\/p>\n\n\n\n<ul class=\"wp-block-list has-medium-font-size\">\n<li>Statistiques bivari\u00e9es, univari\u00e9es (Khi\u00b2, Anova, r\u00e9gression lin\u00e9aire) (L1, L2)<\/li>\n\n\n\n<li>Introduction \u00e0 la recherche (M1)<\/li>\n\n\n\n<li><\/li>\n<\/ul>\n\n\n\n<div class=\"wp-block-group is-nowrap is-layout-flex wp-container-core-group-is-layout-6c531013 wp-block-group-is-layout-flex\"><\/div>\n\n\n\n<p>Suivi d&#8217;apprentie.s et d&#8217;\u00e9tudiant.e.s<\/p>\n","protected":false},"excerpt":{"rendered":"<p>Cartographie et SIG Cours th\u00e9matiques Cours m\u00e9thodologiques Suivi d&#8217;apprentie.s et d&#8217;\u00e9tudiant.e.s<\/p>\n","protected":false},"author":961,"featured_media":0,"parent":0,"menu_order":0,"comment_status":"closed","ping_status":"closed","template":"","meta":{"footnotes":""},"class_list":["post-17","page","type-page","status-publish","hentry"],"_links":{"self":[{"href":"https:\/\/lig-membres.imag.fr\/ditursif\/wp-json\/wp\/v2\/pages\/17","targetHints":{"allow":["GET"]}}],"collection":[{"href":"https:\/\/lig-membres.imag.fr\/ditursif\/wp-json\/wp\/v2\/pages"}],"about":[{"href":"https:\/\/lig-membres.imag.fr\/ditursif\/wp-json\/wp\/v2\/types\/page"}],"author":[{"embeddable":true,"href":"https:\/\/lig-membres.imag.fr\/ditursif\/wp-json\/wp\/v2\/users\/961"}],"replies":[{"embeddable":true,"href":"https:\/\/lig-membres.imag.fr\/ditursif\/wp-json\/wp\/v2\/comments?post=17"}],"version-history":[{"count":2,"href":"https:\/\/lig-membres.imag.fr\/ditursif\/wp-json\/wp\/v2\/pages\/17\/revisions"}],"predecessor-version":[{"id":64,"href":"https:\/\/lig-membres.imag.fr\/ditursif\/wp-json\/wp\/v2\/pages\/17\/revisions\/64"}],"wp:attachment":[{"href":"https:\/\/lig-membres.imag.fr\/ditursif\/wp-json\/wp\/v2\/media?parent=17"}],"curies":[{"name":"wp","href":"https:\/\/api.w.org\/{rel}","templated":true}]}}