{"id":51,"date":"2026-03-25T07:59:35","date_gmt":"2026-03-25T07:59:35","guid":{"rendered":"https:\/\/lig-membres.imag.fr\/ditursif\/?page_id=51"},"modified":"2026-03-26T15:10:00","modified_gmt":"2026-03-26T15:10:00","slug":"welcome","status":"publish","type":"page","link":"https:\/\/lig-membres.imag.fr\/ditursif\/","title":{"rendered":"A propos"},"content":{"rendered":"\n<div class=\"wp-block-group has-global-padding is-layout-constrained wp-block-group-is-layout-constrained\">\n<p class=\"has-medium-font-size\">Pr\u00e9sentation G\u00e9ographe, g\u00e9omaticienne, je suis actuellement post-doctorante en sciences des donn\u00e9es au Laboratoire d&#8217;Informatique de Grenoble (LIG) \u00e0 l&#8217;Universit\u00e9 Grenoble Alpes. Je travaille sur la perception du risque de feu de for\u00eat sur le secteur de la Bastille \u00e0 Grenoble, dans le cadre du projet ANR ATLAS, sous la supervision de Julie Dugdale (PU, LIG, UGA). <\/p>\n\n\n\n<p class=\"has-medium-font-size\"> <em>I am a human science researcher in geography, specialized in geodata science and in risk and crisis management. Currently, I am a post-doc researcher in the Computer Science Lab at the Grenoble Alps University.I am working on the risk perception of forest fires to the Bastille, Grenoble (France), financed by an ANR, the ATLAS project, supervised by Julie Dugdale (PU, LIG, UGA).<\/em><\/p>\n<\/div>\n\n\n\n<div class=\"wp-block-group is-nowrap is-layout-flex wp-container-core-group-is-layout-6c531013 wp-block-group-is-layout-flex\"><\/div>\n\n\n\n<div class=\"wp-block-group has-global-padding is-layout-constrained wp-block-group-is-layout-constrained\">\n<p>Contact<\/p>\n\n\n\n<p class=\"has-medium-font-size\">Pour m&#8217;\u00e9crire : fanny.di-tursi[at]univ-grenoble-alpes.fr<\/p>\n\n\n\n<p class=\"has-medium-font-size\">Pour me suivre : <\/p>\n\n\n\n<p><\/p>\n<\/div>\n","protected":false},"excerpt":{"rendered":"<p>Pr\u00e9sentation G\u00e9ographe, g\u00e9omaticienne, je suis actuellement post-doctorante en sciences des donn\u00e9es au Laboratoire d&#8217;Informatique de Grenoble (LIG) \u00e0 l&#8217;Universit\u00e9 Grenoble Alpes. Je travaille sur la perception du risque de feu de for\u00eat sur le secteur de la Bastille \u00e0 Grenoble, dans le cadre du projet ANR ATLAS, sous la supervision de Julie Dugdale (PU, LIG, [&hellip;]<\/p>\n","protected":false},"author":961,"featured_media":0,"parent":0,"menu_order":0,"comment_status":"closed","ping_status":"closed","template":"","meta":{"footnotes":""},"class_list":["post-51","page","type-page","status-publish","hentry"],"_links":{"self":[{"href":"https:\/\/lig-membres.imag.fr\/ditursif\/wp-json\/wp\/v2\/pages\/51","targetHints":{"allow":["GET"]}}],"collection":[{"href":"https:\/\/lig-membres.imag.fr\/ditursif\/wp-json\/wp\/v2\/pages"}],"about":[{"href":"https:\/\/lig-membres.imag.fr\/ditursif\/wp-json\/wp\/v2\/types\/page"}],"author":[{"embeddable":true,"href":"https:\/\/lig-membres.imag.fr\/ditursif\/wp-json\/wp\/v2\/users\/961"}],"replies":[{"embeddable":true,"href":"https:\/\/lig-membres.imag.fr\/ditursif\/wp-json\/wp\/v2\/comments?post=51"}],"version-history":[{"count":4,"href":"https:\/\/lig-membres.imag.fr\/ditursif\/wp-json\/wp\/v2\/pages\/51\/revisions"}],"predecessor-version":[{"id":63,"href":"https:\/\/lig-membres.imag.fr\/ditursif\/wp-json\/wp\/v2\/pages\/51\/revisions\/63"}],"wp:attachment":[{"href":"https:\/\/lig-membres.imag.fr\/ditursif\/wp-json\/wp\/v2\/media?parent=51"}],"curies":[{"name":"wp","href":"https:\/\/api.w.org\/{rel}","templated":true}]}}