{"id":277,"date":"2025-06-04T13:46:20","date_gmt":"2025-06-04T12:46:20","guid":{"rendered":"https:\/\/lig-membres.imag.fr\/dugdale\/?page_id=277"},"modified":"2025-06-04T13:58:37","modified_gmt":"2025-06-04T12:58:37","slug":"atlas-project","status":"publish","type":"page","link":"https:\/\/lig-membres.imag.fr\/dugdale\/general-information\/projects\/atlas-project\/","title":{"rendered":"Atlas project"},"content":{"rendered":"<p><img loading=\"lazy\" decoding=\"async\" class=\"size-full wp-image-267 alignleft\" src=\"http:\/\/lig-membres.imag.fr\/dugdale\/wp-content\/uploads\/sites\/270\/2025\/06\/Atlas.jpeg\" alt=\"\" width=\"175\" height=\"157\" \/><\/p>\n<p><strong>ATLAS: Studying symbiotic scenarios linking Heritage assets and green areas to prepare Historic Cities to face Climate Change.<\/strong><\/p>\n<p>The project is funded by ANR CCH 2023 through Belmont, and it runs from May 2024 to May 2027. Its partners are Universidad Pablo de Olavide, Ca\u2019 Foscari University of Venice, and University Grenoble Alps. Visit our <a href=\"https:\/\/www.upo.es\/investiga\/art-risk-en\/proyecto-atlas\/index.html\">partners ATLAS site<\/a><\/p>\n<p>&nbsp;<\/p>\n<p><img loading=\"lazy\" decoding=\"async\" class=\"size-full wp-image-271 alignnone\" src=\"http:\/\/lig-membres.imag.fr\/dugdale\/wp-content\/uploads\/sites\/270\/2025\/06\/Venice.png\" alt=\"\" width=\"125\" height=\"158\" \/><img loading=\"lazy\" decoding=\"async\" class=\" wp-image-178 alignnone\" src=\"http:\/\/lig-membres.imag.fr\/dugdale\/wp-content\/uploads\/sites\/270\/2022\/08\/Logo_Universite\u0301_Grenoble-Alpes_2020-300x184.jpg\" alt=\"\" width=\"257\" height=\"158\" srcset=\"https:\/\/lig-membres.imag.fr\/dugdale\/wp-content\/uploads\/sites\/270\/2022\/08\/Logo_Universite\u0301_Grenoble-Alpes_2020-300x184.jpg 300w, https:\/\/lig-membres.imag.fr\/dugdale\/wp-content\/uploads\/sites\/270\/2022\/08\/Logo_Universite\u0301_Grenoble-Alpes_2020-768x471.jpg 768w, https:\/\/lig-membres.imag.fr\/dugdale\/wp-content\/uploads\/sites\/270\/2022\/08\/Logo_Universite\u0301_Grenoble-Alpes_2020-1024x628.jpg 1024w, https:\/\/lig-membres.imag.fr\/dugdale\/wp-content\/uploads\/sites\/270\/2022\/08\/Logo_Universite\u0301_Grenoble-Alpes_2020.jpg 1920w\" sizes=\"auto, (max-width: 257px) 100vw, 257px\" \/><img loading=\"lazy\" decoding=\"async\" class=\"alignleft wp-image-270\" src=\"http:\/\/lig-membres.imag.fr\/dugdale\/wp-content\/uploads\/sites\/270\/2025\/06\/Spain.jpg\" alt=\"\" width=\"197\" height=\"73\" \/><\/p>\n<p>Climate change (CC) is triggering dangerous temperature increases, floods, droughts and fires in historic cities and their environments that affect citizens and Cultural Heritage (CH) health. In this context, green infrastructure (GI) emerges as a sustainable solution to mitigate the impact of CC and enhance urban livability. However, without studying the symbiotic relationship between CC and CH, GI expansion could affect the preservation of Immovable CH. To address the challenge of implementing sustainable policies to face climate change in Historic Cities, ATLAS employ interdisciplinary approaches and digital technologies for: 1) <strong>modelling the scenarios of CC risks in Historic Cities<\/strong>, 2) managing Immovable CH and GI and 3) predicting potential impacts. ATLAS tools based on satellite imagery, Geographic Information Systems, opinion of citizen managers, and <strong>human behaviour computational simulations<\/strong>, allow for assessing CC risk and looking for the best resilience solution. ATLAS municipalities managers will be enabled to identify and evaluate risks, <strong>understand human behaviour during emergencies<\/strong>, and minimise damage to Immovable CH caused by CC as pollution, urban heat islands, floods, and fires. ATLAS will conduct studies in five Historic Cities (Seville, Antequera, Valencia, Treviso, and <strong>Grenoble<\/strong>) in three European countries (Italy, Spain, and France) to validate these tools in various scenarios (Mediterranean, Mountain and Continental). ATLAS interdisciplinary team to design tools and ensure the functionality and usability, brings together: 1) universities experts in CH diagnosis and risk assessment (UPO, UNIVE), GI (UNIVE), and <strong>digital technologies for modelling risk management (UGA<\/strong>, UPO); 2) experts in CH Conservation (IVCR+i); 3) Hazard experts (Alpine Natural Hazards Center); and 4) municipalities of Treviso and Antequera. The beneficiaries of this project are citizens whose municipalities integrate ATLAS tools into their training programs, management strategies, and CC contingency plans to improve the citizen and CH resilience.<\/p>\n<p>&nbsp;<\/p>\n<p><strong>At UGA<\/strong>, we work on designing and implementing an agent-based simulator to assess coordinated response strategies in the case of a forest fire in the area of Grenoble (specifically the area around the highly wooded area of the Bastille, a popular tourist attraction that is an ancient fort and cultural landmark, including several important museums.). A particular focus in the modelling is given to modelling human behaviour of citizens in the area as well as the communication and response strategies of the emergency decision-makers. This will involve meeting with stakeholders (elected personnel, Grenoble Metropole, first responders) organised by our research project partner PARN (P\u00f4le Alpin Risques Naturels &#8211; a Public Organization for mitigation of risk in natural environments). The goal is to uncover the current protocols, procedures and evacuation plans, establish which communication actions between agencies are used to coordinate a response, and to assess what behaviours the local population would do in the case of a forest fire. These will then be implemented in a simulator in order to test different scenarios (uncontrollable fire, different response strategies, etc.) in order to provide a tool to local decision makers so that they can improve their management of such events.\u00a0 Ultimately the simulator will provide a method to assess the resilience of Grenoble to face forest fires. The work is highly multi-disciplinary since it involves an in-depth knowledge of multi-agent systems, specifically agent-based social simulation, cultural heritage, fire response strategies and basic fire progression models, policy and local governance, and social sciences (e.g. cognitive theories of behaviour).<\/p>\n<p><strong>Members of the ATLAS Project:<\/strong><\/p>\n<p><strong>Organisations:<\/strong><\/p>\n<p>Universidad Pablo de Olavide (UPO).<\/p>\n<p>Universit\u00e9 Grenoble Alpes (UGA).<\/p>\n<p>Universit\u00e1 Ca\u00b4Foscari Venezia (UNIVE).<\/p>\n<p>Institut Valenci\u00e0 de Conservaci\u00f3, Restauraci\u00f3 i Investigaci\u00f3 (IVCR+i).<\/p>\n<p>Ayuntamiento de Antequera (Spain).<\/p>\n<p>Consiglio Comunale di Treviso (Italy).<\/p>\n<p>P\u00f4le Alpin Risques Naturels (France).<\/p>\n<p><strong>\u00a0<\/strong><\/p>\n<p><strong>Research Team Members:<\/strong><\/p>\n<p><strong>Pilar Ortiz Calder\u00f3n: <\/strong>Principal Investigator (PI) of the team. Doctor of Chemistry. Professor at the University of Pablo de Olavide.<\/p>\n<p><strong>Julie Dugdale: <\/strong>Partner (PI) of the team. Doctor of Computer Science. Professor at the University of Grenoble Alpes (UGA).<\/p>\n<p><strong>Edy Fantinato: <\/strong>Partner (PI) of the team. Doctor Environmental Science at the University of Ca\u00b4Foscari Venezia (UNIVE).<\/p>\n<p><strong>Carole Adam:<\/strong> Doctor of Computer Science. Associate Professor at the University of Grenoble Alpes (UGA).<\/p>\n<p><strong>Roc\u00edo Ortiz Calder\u00f3n: <\/strong>Doctor of Architecture. Professor at the University of Pablo de Olavide.<\/p>\n<p><strong>V\u00edctor Amadeo Ba\u00f1uls Silvera: <\/strong>Doctor of Business Organisation and Marketing. Professor at the University of Pablo de Olavide.<\/p>\n<p><strong>Inmaculada Chuli\u00e1 Blanco<\/strong>: Doctor of Restoration-Conservation. Technician at the Institut Valenci\u00e0 de Conservaci\u00f3, Restauraci\u00f3 i Investigaci\u00f3n of the Generalitat Valenciana.<\/p>\n<p><strong>Francesca Caterina Izzo:<\/strong> Associate Professor in Heritage and Conservation Science at the University of Ca\u00b4Foscari Venezia (UNIVE).<\/p>\n<p><strong>Macarena Tejada Tejada<\/strong>: Doctor of Geography and History. Professor at the University of Pablo de Olavide.<\/p>\n<p><strong>Elisabetta Zendri: <\/strong>Doctor Chemistry at the University of Ca\u00b4Foscari Venezia (UNIVE).<\/p>\n<p><strong>Work Team Members:<\/strong><\/p>\n<p><strong>M\u00f3nica Moreno Falc\u00f3n:<\/strong> Doctor of History. Professor at the University of Pablo de Olavide.<\/p>\n<p><strong>Laura Toro Murillo<\/strong>: Biologist. Research support technician at the University of Pablo de Olavide.<\/p>\n<p><strong>Stakeholders:<\/strong><\/p>\n<p><strong>Gemma Contreras Zamorano: <\/strong>Doctor of Art History. Director of the Institut Valenci\u00e0 de Conservaci\u00f3, Restauraci\u00f3 i Investigaci\u00f3n of the Generalitat Valenciana.<\/p>\n<p><strong>Mario Conte: <\/strong>Mayor of Treviso (Italia).<\/p>\n<p><strong>Julio Maqueda Mac\u00edas: <\/strong>Head of the Civil Protection Service of the Hon. Ayuntamiento of Antequera<strong>.<\/strong><\/p>\n<p><strong>Carine Peisser: <\/strong>Project Manager. P\u00f4le Alpin Risques Naturels<img loading=\"lazy\" decoding=\"async\" class=\"size-medium wp-image-273 alignleft\" src=\"http:\/\/lig-membres.imag.fr\/dugdale\/wp-content\/uploads\/sites\/270\/2025\/06\/belmont-300x91.jpg\" alt=\"\" width=\"300\" height=\"91\" srcset=\"https:\/\/lig-membres.imag.fr\/dugdale\/wp-content\/uploads\/sites\/270\/2025\/06\/belmont-300x91.jpg 300w, https:\/\/lig-membres.imag.fr\/dugdale\/wp-content\/uploads\/sites\/270\/2025\/06\/belmont-768x233.jpg 768w, https:\/\/lig-membres.imag.fr\/dugdale\/wp-content\/uploads\/sites\/270\/2025\/06\/belmont-624x189.jpg 624w, https:\/\/lig-membres.imag.fr\/dugdale\/wp-content\/uploads\/sites\/270\/2025\/06\/belmont.jpg 947w\" sizes=\"auto, (max-width: 300px) 100vw, 300px\" \/><\/p>\n<p><img loading=\"lazy\" decoding=\"async\" class=\"size-medium wp-image-272 alignleft\" src=\"http:\/\/lig-membres.imag.fr\/dugdale\/wp-content\/uploads\/sites\/270\/2025\/06\/ANR-logo-C-300x300.jpg\" alt=\"\" width=\"300\" height=\"300\" srcset=\"https:\/\/lig-membres.imag.fr\/dugdale\/wp-content\/uploads\/sites\/270\/2025\/06\/ANR-logo-C-300x300.jpg 300w, https:\/\/lig-membres.imag.fr\/dugdale\/wp-content\/uploads\/sites\/270\/2025\/06\/ANR-logo-C-150x150.jpg 150w, https:\/\/lig-membres.imag.fr\/dugdale\/wp-content\/uploads\/sites\/270\/2025\/06\/ANR-logo-C-624x624.jpg 624w, https:\/\/lig-membres.imag.fr\/dugdale\/wp-content\/uploads\/sites\/270\/2025\/06\/ANR-logo-C.jpg 720w\" sizes=\"auto, (max-width: 300px) 100vw, 300px\" \/><\/p>\n","protected":false},"excerpt":{"rendered":"<p>ATLAS: Studying symbiotic scenarios linking Heritage assets and green areas to prepare Historic Cities to face Climate Change. The project is funded by ANR CCH 2023 through Belmont, and it runs from May 2024 to May 2027. Its partners are Universidad Pablo de Olavide, Ca\u2019 Foscari University of Venice, and University Grenoble Alps. Visit our [&hellip;]<\/p>\n","protected":false},"author":896,"featured_media":0,"parent":101,"menu_order":0,"comment_status":"closed","ping_status":"closed","template":"","meta":{"footnotes":""},"class_list":["post-277","page","type-page","status-publish","hentry"],"_links":{"self":[{"href":"https:\/\/lig-membres.imag.fr\/dugdale\/wp-json\/wp\/v2\/pages\/277","targetHints":{"allow":["GET"]}}],"collection":[{"href":"https:\/\/lig-membres.imag.fr\/dugdale\/wp-json\/wp\/v2\/pages"}],"about":[{"href":"https:\/\/lig-membres.imag.fr\/dugdale\/wp-json\/wp\/v2\/types\/page"}],"author":[{"embeddable":true,"href":"https:\/\/lig-membres.imag.fr\/dugdale\/wp-json\/wp\/v2\/users\/896"}],"replies":[{"embeddable":true,"href":"https:\/\/lig-membres.imag.fr\/dugdale\/wp-json\/wp\/v2\/comments?post=277"}],"version-history":[{"count":9,"href":"https:\/\/lig-membres.imag.fr\/dugdale\/wp-json\/wp\/v2\/pages\/277\/revisions"}],"predecessor-version":[{"id":287,"href":"https:\/\/lig-membres.imag.fr\/dugdale\/wp-json\/wp\/v2\/pages\/277\/revisions\/287"}],"up":[{"embeddable":true,"href":"https:\/\/lig-membres.imag.fr\/dugdale\/wp-json\/wp\/v2\/pages\/101"}],"wp:attachment":[{"href":"https:\/\/lig-membres.imag.fr\/dugdale\/wp-json\/wp\/v2\/media?parent=277"}],"curies":[{"name":"wp","href":"https:\/\/api.w.org\/{rel}","templated":true}]}}