{"id":13,"date":"2016-09-12T15:19:57","date_gmt":"2016-09-12T14:19:57","guid":{"rendered":"http:\/\/lig-membres.imag.fr\/fbrunet\/?page_id=13"},"modified":"2020-11-13T09:17:20","modified_gmt":"2020-11-13T08:17:20","slug":"projets","status":"publish","type":"page","link":"https:\/\/lig-membres.imag.fr\/fbrunet\/projets\/","title":{"rendered":"Projets"},"content":{"rendered":"<h2>Projets de recherche<\/h2>\n<hr \/>\n<h2>Accol\u00e9 &#8211; P<b>lateforme pour l\u2019\u00e9dition collaborative d\u2019erreurs<\/b><\/h2>\n<p><span style=\"font-weight: 400\"><span style=\"text-decoration: underline\">Porteurs du projet<\/span> : <a href=\"http:\/\/lig-membres.imag.fr\/esperane\/\">Emmanuelle ESPERAN\u00c7A-RODIER<\/a> (UGA-LIG) et Francis BRUNET-MANQUAT (UGA-LIG)<\/span><\/p>\n<p><span style=\"text-decoration: underline\">Th\u00e8mes de recherche<\/span> : analyse d&#8217;erreurs de traduction, outil collaboratif<\/p>\n<div class=\"page\" title=\"Page 1\">\n<div class=\"section\">\n<div class=\"layoutArea\">\n<div class=\"column\">\n<p style=\"text-align: justify\">La plateforme Accole\u0301 propose une palette de services innovants permettant de re\u0301pondre aux besoins modernes d\u2019analyse d\u2019erreurs. Notre plateforme permettra a\u0300 terme d\u2019analyser les erreurs de traductions sur diffe\u0301rents corpus, en collaboration avec diffe\u0301rentes personnes, linguistes ou non, informaticiennes ou non, et aussi bien des enseignants de langues, que des traducteurs. Elle proposera e\u0301galement d\u2019autres services innovants : visualisation et e\u0301dition graphique d\u2019erreurs pour corpus aligne\u0301s, appel automatique a\u0300 des analyseurs morphosyntaxiques externes, recherche de mode\u0300le (patron morphosyntaxique) dans les annotations.<\/p>\n<p><a href=\"http:\/\/lig-membres.imag.fr\/fbrunet\/accole-plateforme-pour-ledition-collaborative-derreurs\/\">En savoir plus &#8230;<\/a><\/p>\n<\/div>\n<\/div>\n<\/div>\n<\/div>\n<hr \/>\n<h2>Biblioth\u00e8que enrichies : les utilisateurs et leurs interfaces (Th\u00e8se Elina Leblanc &#8211; projet\u00a0FonteGaia)<\/h2>\n<p><span style=\"text-decoration: underline\">Encadrants<\/span><i>\u00a0<\/i>:\u00a0<a href=\"http:\/\/luhcie.univ-grenoble-alpes.fr\/membres\/pierazzo-elena\/\">Elena Pierazzo <\/a>(LUHCIE) et <a href=\"http:\/\/www-clips.imag.fr\/geta\/User\/herve.blanchon\/\">Herv\u00e9 Blanchon<\/a> (UGA-LIG)<\/p>\n<p><span style=\"text-decoration: underline\">Th\u00e8mes de recherche<\/span> : humanit\u00e9s num\u00e9riques, biblioth\u00e8ques num\u00e9riques, \u00e9tudes utilisateurs, web collaboratif<\/p>\n<p><span style=\"text-decoration: underline\">La biblioth\u00e8que<\/span> : http:\/\/www.fontegaia.eu\/<\/p>\n<p><span style=\"text-decoration: underline\">Le blog<\/span> : https:\/\/fontegaia.hypotheses.org\/<\/p>\n<p><a href=\"http:\/\/lig-membres.imag.fr\/fbrunet\/fontegaia-these-elina-leblanc\/\">En savoir plus &#8230;<\/a><\/p>\n<hr \/>\n<h2>Acolad &#8211; Plateforme pour l\u2019e\u0301dition collaborative de\u0301pendancielle<\/h2>\n<p><span style=\"text-decoration: underline\">Porteurs du projet<\/span> : J\u00e9r\u00f4me GOULIAN (MC-UGA) et Francis BRUNET-MANQUAT (MC-UGA)<\/p>\n<p><span style=\"text-decoration: underline\">Th\u00e8mes de recherche<\/span> : annotation collaborative de corpus, annotations concurrentes, de\u0301pendances<\/p>\n<div class=\"page\" title=\"Page 2\">\n<div class=\"layoutArea\">\n<div class=\"column\">\n<p>la plateforme ACOLAD (Annotation de COrpus Linguistique pour l\u2019Analyse de De\u0301pendances) de re\u0301pondre a\u0300 ces questions. Cette plateforme open-source a e\u0301te\u0301 de\u0301veloppe\u0301e avec pour objectif de faciliter la ta\u0302che d\u2019e\u0301dition collaborative lors de la cre\u0301ation d\u2019un corpus de de\u0301pendance. Elle propose des services manuels de segmentation et d\u2019annotation multi-niveaux (segmentation en mots et en syntagmes minimaux (chunks), annotation morphosyntaxique des mots, annotation syntaxique des chunks et annotation syntaxique des de\u0301pendances entre mots ou entre chunks).<\/p>\n<p><a href=\"http:\/\/lig-membres.imag.fr\/fbrunet\/acolad-plateforme-pour-ledition-collaborative-dependancielle\/\">En savoir plus &#8230;<\/a><\/p>\n<\/div>\n<\/div>\n<\/div>\n","protected":false},"excerpt":{"rendered":"<p>Projets de recherche Accol\u00e9 &#8211; Plateforme pour l\u2019\u00e9dition collaborative d\u2019erreurs Porteurs du projet : Emmanuelle ESPERAN\u00c7A-RODIER (UGA-LIG) et Francis BRUNET-MANQUAT (UGA-LIG) Th\u00e8mes de recherche : analyse d&#8217;erreurs de traduction, outil collaboratif La plateforme Accole\u0301 propose une palette de services innovants permettant de re\u0301pondre aux besoins modernes d\u2019analyse d\u2019erreurs. Notre plateforme permettra a\u0300 terme d\u2019analyser les [&hellip;]<\/p>\n","protected":false},"author":832,"featured_media":0,"parent":0,"menu_order":0,"comment_status":"closed","ping_status":"closed","template":"full-width-page.php","meta":{"footnotes":""},"class_list":["post-13","page","type-page","status-publish","hentry"],"_links":{"self":[{"href":"https:\/\/lig-membres.imag.fr\/fbrunet\/wp-json\/wp\/v2\/pages\/13","targetHints":{"allow":["GET"]}}],"collection":[{"href":"https:\/\/lig-membres.imag.fr\/fbrunet\/wp-json\/wp\/v2\/pages"}],"about":[{"href":"https:\/\/lig-membres.imag.fr\/fbrunet\/wp-json\/wp\/v2\/types\/page"}],"author":[{"embeddable":true,"href":"https:\/\/lig-membres.imag.fr\/fbrunet\/wp-json\/wp\/v2\/users\/832"}],"replies":[{"embeddable":true,"href":"https:\/\/lig-membres.imag.fr\/fbrunet\/wp-json\/wp\/v2\/comments?post=13"}],"version-history":[{"count":29,"href":"https:\/\/lig-membres.imag.fr\/fbrunet\/wp-json\/wp\/v2\/pages\/13\/revisions"}],"predecessor-version":[{"id":174,"href":"https:\/\/lig-membres.imag.fr\/fbrunet\/wp-json\/wp\/v2\/pages\/13\/revisions\/174"}],"wp:attachment":[{"href":"https:\/\/lig-membres.imag.fr\/fbrunet\/wp-json\/wp\/v2\/media?parent=13"}],"curies":[{"name":"wp","href":"https:\/\/api.w.org\/{rel}","templated":true}]}}