{"id":1384,"date":"2022-04-22T16:37:31","date_gmt":"2022-04-22T15:37:31","guid":{"rendered":"http:\/\/lig-membres.imag.fr\/gensel\/?page_id=1384"},"modified":"2025-04-02T15:28:25","modified_gmt":"2025-04-02T14:28:25","slug":"responsabilites-et-mandats-regionaux-ou-locaux","status":"publish","type":"page","link":"https:\/\/lig-membres.imag.fr\/gensel\/mandats-electifs\/responsabilites-et-mandats-regionaux-ou-locaux\/","title":{"rendered":"Responsabilit\u00e9s et mandats locaux"},"content":{"rendered":"<p><em><u>Au niveau de l&#8217;universit\u00e9 ou de l&#8217;\u00e9tablissement<\/u><\/em><\/p>\n<ul>\n<li>de 2021 \u00e0 2024 : <span style=\"color: #0000ff\">membre nomm\u00e9<\/span> du <span style=\"color: #0000ff\">P\u00f4le de recherche MSTIC<\/span> de l&#8217;<span style=\"color: #0000ff\">Universit\u00e9 Grenoble Alpes.<br \/>\n<\/span><\/li>\n<li>de juillet 2014 \u00e0 d\u00e9cembre 2015 : <span style=\"color: #0000ff\">Pr\u00e9sident du Conseil Scientifique<\/span> de l\u2019<span style=\"color: #0000ff\">Universit\u00e9 Pierre Mend\u00e8s France<\/span> (Grenoble 2), en qualit\u00e9 de Vice-Pr\u00e9sident en charge de la Recherche.<\/li>\n<li>de 2013 \u00e0 2014 : <span style=\"color: #0000ff\">membre \u00e9lu<\/span> du <span style=\"color: #0000ff\">Conseil Acad\u00e9mique de l\u2019Universit\u00e9 Pierre Mend\u00e8s France<\/span> (Grenoble2).<\/li>\n<li>de 2013 \u00e0 2014 : <span style=\"color: #0000ff\">membre \u00e9lu<\/span> de la <span style=\"color: #0000ff\">Commission Recherche du Conseil Acad\u00e9mique de l\u2019Universit\u00e9 Pierre Mend\u00e8s France<\/span> (Grenoble2).<\/li>\n<li>de 2012 \u00e0 2013 : <span style=\"color: #0000ff\">membre \u00e9lu<\/span> du <span style=\"color: #0000ff\">Conseil Scientifique de l\u2019Universit\u00e9 Pierre Mend\u00e8s France<\/span> (Grenoble2).<\/li>\n<\/ul>\n<p><em><u>Participation aux Conseils de composante<\/u><\/em><\/p>\n<ul>\n<li>De 2010 \u00e0 2014 : <span style=\"color: #0000ff\">membre \u00e9lu<\/span> du <span style=\"color: #0000ff\">Conseil de l\u2019UFR Sciences de l\u2019Homme et de la Soci\u00e9t\u00e9<\/span> de l\u2019<span style=\"color: #0000ff\">Universit\u00e9 Pierre Mend\u00e8s France<\/span> (Grenoble 2).<\/li>\n<li>De 2001 \u00e0 2006 : <span style=\"color: #0000ff\">membre \u00e9lu<\/span> du <span style=\"color: #0000ff\">Conseil de l\u2019UFR Sciences de l\u2019Homme et de la Soci\u00e9t\u00e9<\/span> de l\u2019<span style=\"color: #0000ff\">Universit\u00e9 Pierre Mend\u00e8s France<\/span> (Grenoble2).<\/li>\n<\/ul>\n","protected":false},"excerpt":{"rendered":"<p>Au niveau de l&#8217;universit\u00e9 ou de l&#8217;\u00e9tablissement de 2021 \u00e0 2024 : membre nomm\u00e9 du P\u00f4le de recherche MSTIC de l&#8217;Universit\u00e9 Grenoble Alpes. de juillet 2014 \u00e0 d\u00e9cembre 2015 : Pr\u00e9sident du Conseil Scientifique de l\u2019Universit\u00e9 Pierre Mend\u00e8s France (Grenoble &hellip; <a href=\"https:\/\/lig-membres.imag.fr\/gensel\/mandats-electifs\/responsabilites-et-mandats-regionaux-ou-locaux\/\">Continue reading <span class=\"meta-nav\">&rarr;<\/span><\/a><\/p>\n","protected":false},"author":86,"featured_media":0,"parent":320,"menu_order":2,"comment_status":"closed","ping_status":"closed","template":"sidebar-page.php","meta":{"footnotes":""},"class_list":["post-1384","page","type-page","status-publish","hentry"],"_links":{"self":[{"href":"https:\/\/lig-membres.imag.fr\/gensel\/wp-json\/wp\/v2\/pages\/1384","targetHints":{"allow":["GET"]}}],"collection":[{"href":"https:\/\/lig-membres.imag.fr\/gensel\/wp-json\/wp\/v2\/pages"}],"about":[{"href":"https:\/\/lig-membres.imag.fr\/gensel\/wp-json\/wp\/v2\/types\/page"}],"author":[{"embeddable":true,"href":"https:\/\/lig-membres.imag.fr\/gensel\/wp-json\/wp\/v2\/users\/86"}],"replies":[{"embeddable":true,"href":"https:\/\/lig-membres.imag.fr\/gensel\/wp-json\/wp\/v2\/comments?post=1384"}],"version-history":[{"count":10,"href":"https:\/\/lig-membres.imag.fr\/gensel\/wp-json\/wp\/v2\/pages\/1384\/revisions"}],"predecessor-version":[{"id":2004,"href":"https:\/\/lig-membres.imag.fr\/gensel\/wp-json\/wp\/v2\/pages\/1384\/revisions\/2004"}],"up":[{"embeddable":true,"href":"https:\/\/lig-membres.imag.fr\/gensel\/wp-json\/wp\/v2\/pages\/320"}],"wp:attachment":[{"href":"https:\/\/lig-membres.imag.fr\/gensel\/wp-json\/wp\/v2\/media?parent=1384"}],"curies":[{"name":"wp","href":"https:\/\/api.w.org\/{rel}","templated":true}]}}