{"id":193,"date":"2011-07-26T09:02:36","date_gmt":"2011-07-26T07:02:36","guid":{"rendered":"http:\/\/lig-membres.imag.fr\/gensel\/?page_id=193"},"modified":"2025-12-21T12:10:31","modified_gmt":"2025-12-21T11:10:31","slug":"encadrements-de-theses","status":"publish","type":"page","link":"https:\/\/lig-membres.imag.fr\/gensel\/recherche\/encadrements-scientifiques\/encadrements-de-theses\/","title":{"rendered":"Encadrements de th\u00e8se"},"content":{"rendered":"<p><span style=\"color: #000000\"><strong>Th\u00e8ses en cours<\/strong><\/span><\/p>\n<ul>\n<li><span style=\"color: #0000ff\">Anna Schorina Kupenko<\/span>, <em>Analyse statistique de donn\u00e9es de trajectoires de vie s\u00e9mantique<\/em>s<em>, <\/em>th\u00e8se de l&#8217;Universit\u00e9 Grenoble Alpes, d\u00e9but\u00e9e le 7 janvier 2026. Co-encadrement avec <a href=\"https:\/\/www.timc.fr\/en\/caroline-bazzoli\">Caroline Bazzoli<\/a> (\u00e9quipe MESP, TIMC, UGA).<\/li>\n<\/ul>\n<p><span style=\"color: #000000\"><strong>Th\u00e8ses soutenues<\/strong><\/span><\/p>\n<ul>\n<li><span style=\"color: #3366ff\">Daniela Fernanda Milon Flor\u00e8<\/span>s, <em>OFf-SETT: An Ontology-Driven Framework for Semantic Environmental Trajectories of Territories<\/em>, th\u00e8se de l&#8217;Universit\u00e9 de Grenoble Alpes, financ\u00e9e par le projet ANR TRACES (PRCI franco-suisse, 2021), soutenue le 15 octobre 2025, co-direction avec <a href=\"https:\/\/www.unige.ch\/envirospace\/people\/giuliani\">Gr\u00e9gory Giuliani<\/a> (Universit\u00e9 de Gen\u00e8ve) &#8211; Co-encadrement de <a href=\"https:\/\/lig-membres.imag.fr\/bernardc\/\">Camille Bernard<\/a> (\u00e9quipe STeamer).<\/li>\n<li><span style=\"color: #3366ff\">Camille Bernard<\/span>, <em>Immersing evolving geographic divisions in the semantic Web. Towards spatiotemporal knowledge graphs to reflect territorial dynamics over time, <\/em>th\u00e8se de l&#8217;Universit\u00e9 de Grenoble Alpes, financ\u00e9e par la R\u00e9gion Rh\u00f4ne-Alpes (ARC 7), soutenue le 27 noivembre 2019. Co-direction avec <a href=\"http:\/\/www.unige.ch\/sciences-societe\/geo\/collaborateurs\/enseignants\/daohy.html\">Hy Dao <\/a>(Universit\u00e9 de Gen\u00e8ve) et <a href=\"http:\/\/lig-membres.imag.fr\/villanova\/\">Marl\u00e8ne Villanova-Oliver<\/a> (\u00e9quipe STeamer).<\/li>\n<li><span style=\"color: #3366ff\">David No\u00ebl<\/span>, <em>Une approche bas\u00e9e sur le Web s\u00e9mantique pour l\u2019\u00e9tude de trajectoires de vie<\/em>, th\u00e8se de l&#8217;Universit\u00e9 Grenoble Alpes, financ\u00e9e par la R\u00e9gion Rh\u00f4ne-Alpes (ARC 7), soutenue le 17 juin 2019. Co-direction avec <a>Pierre Le Qu\u00e9au<\/a> (laboratoire PACTE) et <a href=\"http:\/\/lig-membres.imag.fr\/villanova\/\">Marl\u00e8ne Villanova-Oliver<\/a> (\u00e9quipe STeamer).<\/li>\n<li><span style=\"color: #3366ff\">Diana Nurbakova<\/span>, <em>Recommendation of Activity Sequences during Distributed Events, <\/em>th\u00e8se de doctorat de l&#8217;Universit\u00e9 de Lyon op\u00e9r\u00e9 au sein d&#8217;INSA-Lyon, financ\u00e9e par la R\u00e9gion Rh\u00f4ne-Alpes (ARC 6), soutenue le 13 d\u00e9cembre 2018. Co-direction avec <a href=\"http:\/\/liris.cnrs.fr\/sylvie.calabretto\/\" target=\"_blank\" rel=\"noopener noreferrer\">Sylvie Calabretto<\/a> et <a href=\"https:\/\/liris.cnrs.fr\/membres?idn=llaporte\">L\u00e9a Laporte<\/a> (laboratoire LIRIS).<\/li>\n<li><span style=\"color: #3366ff\">Andr\u00e9 Sales Fonteles<\/span>, <em>A generic architecture and a recommendation<\/em><br \/>\n<em>strategy for spatial crowdsourcing platforms, <\/em>th\u00e8se de l&#8217;Universit\u00e9 Grenoble Alpes, financ\u00e9e par le Minist\u00e8re de l&#8217;Enseignement Sup\u00e9rieur et de la Recherche, soutenue le 29 novembre 2017. Co-encadrement de <a href=\"http:\/\/recherche.noiraudes.net\/fr\/\">Sylvain Bouveret<\/a> (\u00e9quipe STeamer).<\/li>\n<li><span style=\"color: #3366ff\">Anthony Hombiat<\/span>, <em>OF4OSM &#8211; un m\u00e9ta-mod\u00e8le pour structurer la folksonomie OpenStreetMap en une nouvelle ontologie, <\/em>th\u00e8se de l&#8217;Universit\u00e9 Grenoble Alpes, financ\u00e9e par l&#8217;Universit\u00e9 Pierre Mend\u00e8s France (Grenoble 2) et Minatec Idea&#8217;s Laboratory, soutenue le 24 f\u00e9vrier 2017. Co-encadrement de <a href=\"http:\/\/lig-membres.imag.fr\/villanova\/\">Marl\u00e8ne Villanova-Oliver<\/a> (\u00e9quipe STeamer).<\/li>\n<li><span style=\"color: #3366ff\">Ghada Ben Nejma<\/span>, <em>Applications communautaires spontan\u00e9es dynamiquement reconfigurables en environnement pervasif,<\/em> th\u00e8se de l&#8217;Universit\u00e9 de Pau et des Pays de l\u2019Adour,\u00a0 d\u00e9but\u00e9e en septembre 2011, financ\u00e9e par une allocation doctorale de l\u2019ANR dans le cadre du projet MOANO, soutenue le 22 d\u00e9cembre 2015. Co-direction avec <a href=\"http:\/\/www.iutbayonne.univ-pau.fr\/~roose\/V3\/\" target=\"_blank\" rel=\"noopener noreferrer\">Philippe Roose<\/a> et <a href=\"http:\/\/www.iutbayonne.univ-pau.fr\/~dalmau\/\" target=\"_blank\" rel=\"noopener noreferrer\">Marc Dalmau<\/a> (Laboratoire d&#8217;Informatique de Pau et des Pays de l&#8217;Adour).<\/li>\n<li><a href=\"http:\/\/liris.cnrs.fr\/betul.aydin\/\" target=\"_blank\" rel=\"noopener noreferrer\"><span style=\"color: #3366ff\">Bet\u00fcl Aydin<\/span><\/a>, <em>Connecting Semantic 3D Models to the LOD Cloud for Mobile Applications: Discovering the Surroundings with ARCAMA-3D<\/em>, th\u00e8se de l&#8217;Universit\u00e9 Grenoble Alpes,\u00a0 d\u00e9but\u00e9e en novembre 2010, financ\u00e9e par une allocation doctorale de recherche de la R\u00e9gion Rh\u00f4ne-Alpes, soutenue le 25 septembre 2015,\u00a0 Co-direction avec <a href=\"http:\/\/liris.cnrs.fr\/sylvie.calabretto\/\" target=\"_blank\" rel=\"noopener noreferrer\">Sylvie Calabretto<\/a> (\u00e9quipe DRIM, LIRIS, Lyon), co-encadrement de <a href=\"https:\/\/liris.cnrs.fr\/membres?idn=btellez\">Bruno Tellez <\/a>(Laboratoire LIRIS).<\/li>\n<li><span style=\"color: #3366ff\"><a href=\"http:\/\/lienss.univ-larochelle.fr\/Plumejeaud-Christine\" target=\"_blank\" rel=\"noopener noreferrer\"><span style=\"color: #3366ff\">Christine Plumejeau<\/span><span style=\"color: #3366ff\">d<\/span><\/a><\/span>,\u00a0 <em>Mod\u00e8les et m\u00e9thodes pour l&#8217;information spatio-temporelle \u00e9volutive<\/em>, th\u00e8se de l&#8217;Universit\u00e9 Grenoble Alpes,\u00a0 d\u00e9but\u00e9e en d\u00e9cembre 2007, financ\u00e9e par une allocation MENRT, soutenue le 22 septembre 2011. Co-direction avec <a href=\"http:\/\/grasland.script.univ-paris-diderot.fr\/\" target=\"_blank\" rel=\"noopener noreferrer\">Claude Grasland<\/a> (Laboratoire G\u00e9ographie-Cit\u00e9s, Paris 1)<\/li>\n<li><a href=\"http:\/\/www.great.ufc.br\/index.php?option=com_content&amp;view=article&amp;catid=37%3Aprofessorespesquisadores&amp;id=330%3Awindson-viana-de-carvalho&amp;Itemid=85&amp;lang=en\" target=\"_blank\" rel=\"noopener noreferrer\"><span style=\"color: #3366ff\">Windson Viana de Carvalho<\/span><\/a>, <em>Mobilit\u00e9 et sensibilit\u00e9 au contexte pour la gestion de documents multim\u00e9dias personnels : CoMMediA<\/em>,\u00a0 th\u00e8se de l&#8217;Universit\u00e9 Grenoble Alpes, d\u00e9but\u00e9e en octobre 2005, financ\u00e9e par une bourse CAPES-COFECUB, soutenue le 2 f\u00e9vrier 2010. Co-encadrement sous la responsabilit\u00e9 de <a href=\"http:\/\/lig-membres.imag.fr\/Herve.Martin\/\" target=\"_blank\" rel=\"noopener noreferrer\">Herv\u00e9 Martin<\/a> (\u00e9quipe Steamer, LIG).<\/li>\n<li><a href=\"http:\/\/www.cs.ubbcluj.ro\/~dia\/\" target=\"_blank\" rel=\"noopener noreferrer\"><span style=\"color: #3366ff\">Alina Dia Miron<\/span><\/a>, <em>D\u00e9couverte d&#8217;associations s\u00e9mantiques pour le Web S\u00e9mantique G\u00e9ospatial : le framework ONTOAST<\/em>, th\u00e8se de l&#8217;Universit\u00e9 Joseph Fourier,\u00a0 d\u00e9but\u00e9e en octobre 2006, financ\u00e9e par une allocation MENRT, soutenue le 8 d\u00e9cembre 2009. Co-encadrante : <a href=\"http:\/\/lig-membres.imag.fr\/villanova\/\" target=\"_blank\" rel=\"noopener noreferrer\">Marl\u00e8ne Villanova-Oliver<\/a> (\u00e9quipe Steamer, LIG).<\/li>\n<li><span style=\"color: #3366ff\">C\u00e9line Lopez-V\u00e9lasco<\/span>, <em>S\u00e9lection et Composition de Services Web pour la g\u00e9n\u00e9ration d&#8217;applications adapt\u00e9es au contexte d&#8217;utilisation<\/em>, th\u00e8se de l&#8217;Universit\u00e9 Joseph Fourier,\u00a0 d\u00e9but\u00e9e en octobre 2004, financ\u00e9e par une allocation MENRT, soutenue le 18 novembre 2008. Co-encadrement sous la responsabilit\u00e9 de <a href=\"http:\/\/lig-membres.imag.fr\/Herve.Martin\/\" target=\"_blank\" rel=\"noopener noreferrer\">Herv\u00e9 Martin<\/a> (\u00e9quipe Steamer, LIG).<\/li>\n<li><a href=\"http:\/\/www-lsr.imag.fr\/users\/Bogdan.Moisuc\/\" target=\"_blank\" rel=\"noopener noreferrer\"><span style=\"color: #3366ff\">Bogdan Moisuc<\/span><\/a>, <em>Conception et Mise en \u0152uvre de Syst\u00e8mes d\u2019Information Spatio-Temporelle Adaptatifs : le framework ASTIS<\/em>,\u00a0 th\u00e8se de l&#8217;Universit\u00e9 Joseph Fourier, d\u00e9but\u00e9e en octobre 2003, financ\u00e9e par une bourse EGIDE, soutenue le 11 d\u00e9cembre 2007. Co-encadrement sous la responsabilit\u00e9 de <a href=\"http:\/\/lig-membres.imag.fr\/Herve.Martin\/\" target=\"_blank\" rel=\"noopener noreferrer\">Herv\u00e9 Martin<\/a> (\u00e9quipe Steamer, LIG).<\/li>\n<li><a href=\"http:\/\/stephane.ayache.perso.esil.univmed.fr\/\" target=\"_blank\" rel=\"noopener noreferrer\"><span style=\"color: #3366ff\">St\u00e9phane Ayache<\/span><\/a>, <em>Indexation par concepts de documents vid\u00e9os par fusion de caract\u00e9ristiques audio, image et texte<\/em>,\u00a0 th\u00e8se de l&#8217;Institut National Polytechnique de Grenoble, d\u00e9but\u00e9e en 2003, financ\u00e9e par une bourse INPG, soutenue le 4 juillet 2007. Co-encadrement sous la responsabilit\u00e9 de <a href=\"http:\/\/mrim.imag.fr\/georges.quenot\/\" target=\"_blank\" rel=\"noopener noreferrer\">Georges Qu\u00e9not<\/a> (\u00e9quipe MRIM, LIG).<\/li>\n<li><a href=\"http:\/\/sophia.javeriana.edu.co\/~acarrillo\/\" target=\"_blank\" rel=\"noopener noreferrer\"><span style=\"color: #3366ff\">Angela Carrillo-Ramos<\/span><\/a>, <em>Agents ubiquitaires pour un acc\u00e8s adapt\u00e9 aux syst\u00e8mes d&#8217;information Web : le framework PUMAS<\/em>,\u00a0 th\u00e8se de l&#8217;Universit\u00e9 Joseph Fourier, soutenue le 5 mars 2007. Co-encadrement sous la responsabilit\u00e9 de <a href=\"http:\/\/lig-membres.imag.fr\/Herve.Martin\/\" target=\"_blank\" rel=\"noopener noreferrer\">Herv\u00e9 Martin<\/a> (\u00e9quipe Steamer, LIG).<\/li>\n<li><a href=\"http:\/\/mkirschp.free.fr\/pmwiki\/index.php5\" target=\"_blank\" rel=\"noopener noreferrer\"><span style=\"color: #3366ff\">Manuele Kirsch-Pinheiro<\/span><\/a>, <em>Notification pour la conception et l&#8217;utilisation collaboratives de Syst\u00e8mes d&#8217;Information Multim\u00e9dia sur le Web<\/em>,\u00a0 th\u00e8se de l&#8217;Universit\u00e9 Joseph Fourier soutenue le 29 septembre 2006. Co-encadrement sous la responsabilit\u00e9 de <a href=\"http:\/\/lig-membres.imag.fr\/Herve.Martin\/\" target=\"_blank\" rel=\"noopener noreferrer\">Herv\u00e9 Martin<\/a> (\u00e9quipe Steamer, LIG).<\/li>\n<li><a href=\"http:\/\/lig-membres.imag.fr\/villanova\/\" target=\"_blank\" rel=\"noopener noreferrer\"><span style=\"color: #3366ff\">Marl\u00e8ne Villanova-Oliver<\/span><\/a>, <em>Adaptabilit\u00e9 dans les Syst\u00e8mes d&#8217;Information Multim\u00e9dia bas\u00e9s sur le Web : mod\u00e9lisation et mise en \u0153uvre de l&#8217;acc\u00e8s progressif<\/em>, th\u00e8se de l&#8217;Institut Nationale Polytechnique de Grenoble soutenue le 18 d\u00e9cembre 2002 et obtenue. Co-encadrement sous la responsabilit\u00e9 de <a href=\"http:\/\/lig-membres.imag.fr\/Herve.Martin\/\" target=\"_blank\" rel=\"noopener noreferrer\">Herv\u00e9 Martin<\/a> (\u00e9quipe Steamer, LIG).<\/li>\n<\/ul>\n","protected":false},"excerpt":{"rendered":"<p>Th\u00e8ses en cours Anna Schorina Kupenko, Analyse statistique de donn\u00e9es de trajectoires de vie s\u00e9mantiques, th\u00e8se de l&#8217;Universit\u00e9 Grenoble Alpes, d\u00e9but\u00e9e le 7 janvier 2026. Co-encadrement avec Caroline Bazzoli (\u00e9quipe MESP, TIMC, UGA). Th\u00e8ses soutenues Daniela Fernanda Milon Flor\u00e8s, OFf-SETT: &hellip; <a href=\"https:\/\/lig-membres.imag.fr\/gensel\/recherche\/encadrements-scientifiques\/encadrements-de-theses\/\">Continue reading <span class=\"meta-nav\">&rarr;<\/span><\/a><\/p>\n","protected":false},"author":86,"featured_media":0,"parent":191,"menu_order":0,"comment_status":"closed","ping_status":"closed","template":"sidebar-page.php","meta":{"footnotes":""},"class_list":["post-193","page","type-page","status-publish","hentry"],"_links":{"self":[{"href":"https:\/\/lig-membres.imag.fr\/gensel\/wp-json\/wp\/v2\/pages\/193","targetHints":{"allow":["GET"]}}],"collection":[{"href":"https:\/\/lig-membres.imag.fr\/gensel\/wp-json\/wp\/v2\/pages"}],"about":[{"href":"https:\/\/lig-membres.imag.fr\/gensel\/wp-json\/wp\/v2\/types\/page"}],"author":[{"embeddable":true,"href":"https:\/\/lig-membres.imag.fr\/gensel\/wp-json\/wp\/v2\/users\/86"}],"replies":[{"embeddable":true,"href":"https:\/\/lig-membres.imag.fr\/gensel\/wp-json\/wp\/v2\/comments?post=193"}],"version-history":[{"count":38,"href":"https:\/\/lig-membres.imag.fr\/gensel\/wp-json\/wp\/v2\/pages\/193\/revisions"}],"predecessor-version":[{"id":2065,"href":"https:\/\/lig-membres.imag.fr\/gensel\/wp-json\/wp\/v2\/pages\/193\/revisions\/2065"}],"up":[{"embeddable":true,"href":"https:\/\/lig-membres.imag.fr\/gensel\/wp-json\/wp\/v2\/pages\/191"}],"wp:attachment":[{"href":"https:\/\/lig-membres.imag.fr\/gensel\/wp-json\/wp\/v2\/media?parent=193"}],"curies":[{"name":"wp","href":"https:\/\/api.w.org\/{rel}","templated":true}]}}