{"id":224,"date":"2011-07-26T14:26:47","date_gmt":"2011-07-26T12:26:47","guid":{"rendered":"http:\/\/lig-membres.imag.fr\/gensel\/?page_id=224"},"modified":"2025-04-02T12:23:58","modified_gmt":"2025-04-02T11:23:58","slug":"projets-europeens","status":"publish","type":"page","link":"https:\/\/lig-membres.imag.fr\/gensel\/recherche\/projets-scientifiques\/projets-europeens\/","title":{"rendered":"Projets europ\u00e9ens"},"content":{"rendered":"<ul>\n<li>de 2013 \u00e0 2015 : responsable pour l\u2019\u00e9quipe STeamer, repr\u00e9sentant pour la France du <span style=\"color: #3366ff\">projet europ\u00e9en GI-N2K<\/span> (Geographic Information Need To Know: towards a more demand driven geospatial workforce education\/training systems), rassemblant 31 partenaires de 25 pays, financ\u00e9 par le <span style=\"color: #3366ff\">programme ERASMUS Academic Networks<\/span> (2013-2015).<\/li>\n<li>de 2012 \u00e0 2016\u00a0 : membre de l\u2019action COST TD1202 Mapping and the citizen sensor.<\/li>\n<li>de 2011 \u00e0 2014 : coordinateur pour l\u2019\u00e9quipe STEAMER du projet <span style=\"color: #3366ff\">ESPON M4D<\/span> (Multi-Dimensional DataBase Design and Development &#8211; Data Base 2013 phase II), responsable du workpackage Applications, financ\u00e9 par le Programme ESPON de la <span style=\"color: #3366ff\">Commission Europ\u00e9enne<\/span>, sur le th\u00e8me <em>conception et d\u00e9veloppement d&#8217;une infrastructure de donn\u00e9es spatiales multi-dimensionnelles<br \/>\n<\/em><\/li>\n<li>de 2011 \u00e0 2014 : coordinateur pour l\u2019\u00e9quipe STEAMER du projet <span style=\"color: #3366ff\">ETC SIA<\/span>, financ\u00e9 par l\u2019<span style=\"color: #3366ff\">Agence Europ\u00e9enne de l\u2019Environnement<\/span>, sur le th\u00e8me <em>analyse de l&#8217;information spatiale<\/em><\/li>\n<li>de 2009 \u00e0 2012 : membre de l\u2019action COST TU0801 Semantic enrichment of 3D city models for sustainable urban development<\/li>\n<li>2010 : coordinateur du projet <span style=\"color: #3366ff\">ESPON HyperAtlas Update<\/span>, financ\u00e9 par le Programme ESPON de la <span style=\"color: #3366ff\">Commission Europ\u00e9enne<\/span>, sur le th\u00e8me <em>analyse territoriale multiscalaire discr\u00e8te avanc\u00e9e<\/em><\/li>\n<li>de 2008 \u00e0 2011 : co-lead partner du projet <span style=\"color: #3366ff\">ESPON Data Base 2013<\/span> phase I, financ\u00e9 par le Programme ESPON de la <span style=\"color: #3366ff\">Commission Europ\u00e9enne<\/span>, sur le th\u00e8me<em> conception et d\u00e9veloppement d&#8217;une base de d&#8217;indicateurs statistiques relatifs au territoire europ\u00e9en<\/em><\/li>\n<li>2008 : coordinateur pour l\u2019\u00e9quipe STEAMER du projet <span style=\"color: #3366ff\">Shrinking R\u00e9gions<\/span>, financ\u00e9 par le <span style=\"color: #3366ff\">Parlement Europ\u00e9en<\/span>, sur le th\u00e8me <em><em> analyse territoriale multiscalaire discr\u00e8te<\/em><\/em><\/li>\n<li>de 2007 \u00e0 2010 : coordinateur pour l\u2019\u00e9quipe STEAMER du projet <span style=\"color: #3366ff\">ETC LUSI<\/span>, financ\u00e9 par l\u2019<span style=\"color: #3366ff\">Agence Europ\u00e9enne de l\u2019Environnement<\/span>, sur le th\u00e8me<em><em> analyse territoriale multiscalaire discr\u00e8te et croisement d&#8217;indicateurs socio-\u00e9conomiques et environnementaux<\/em><\/em><\/li>\n<li>de 2003 \u00e0 2006 : coordinateur pour l\u2019\u00e9quipe STEAMER du projet <span style=\"color: #3366ff\">ESPON 3.2<\/span>, financ\u00e9 par le Programme ESPON de la <span style=\"color: #3366ff\">Commission Europ\u00e9enne<\/span>, sur le th\u00e8me<em><em> conception d&#8217;une base de donn\u00e9es long-terme d&#8217;indicateurs socio-\u00e9conomiques relatifs au territoire europ\u00e9en<\/em><\/em><\/li>\n<li>de 2001 \u00e0 2006 : coordinateur pour l\u2019\u00e9quipe STEAMER du projet <span style=\"color: #3366ff\">ESPON 3.1<\/span>, financ\u00e9 par le Programme ESPON de la <span style=\"color: #3366ff\">Commission Europ\u00e9enne<\/span>, sur le th\u00e8me<em><em> analyse territoriale multiscalaire discr\u00e8te pour le territoire europ\u00e9en<\/em><\/em><\/li>\n<li>de 2001 \u00e0 2002 : membre du projet <span style=\"color: #3366ff\">SPHERE<\/span>, financ\u00e9 par la Commission Europ\u00e9enne, sur le th\u00e8me<em><em> syst\u00e8me d&#8217;information spatio-temporelle d\u00e9di\u00e9 au risque d&#8217;inondation<\/em><\/em><\/li>\n<\/ul>\n","protected":false},"excerpt":{"rendered":"<p>de 2013 \u00e0 2015 : responsable pour l\u2019\u00e9quipe STeamer, repr\u00e9sentant pour la France du projet europ\u00e9en GI-N2K (Geographic Information Need To Know: towards a more demand driven geospatial workforce education\/training systems), rassemblant 31 partenaires de 25 pays, financ\u00e9 par le &hellip; <a href=\"https:\/\/lig-membres.imag.fr\/gensel\/recherche\/projets-scientifiques\/projets-europeens\/\">Continue reading <span class=\"meta-nav\">&rarr;<\/span><\/a><\/p>\n","protected":false},"author":86,"featured_media":0,"parent":213,"menu_order":1,"comment_status":"closed","ping_status":"closed","template":"sidebar-page.php","meta":{"footnotes":""},"class_list":["post-224","page","type-page","status-publish","hentry"],"_links":{"self":[{"href":"https:\/\/lig-membres.imag.fr\/gensel\/wp-json\/wp\/v2\/pages\/224","targetHints":{"allow":["GET"]}}],"collection":[{"href":"https:\/\/lig-membres.imag.fr\/gensel\/wp-json\/wp\/v2\/pages"}],"about":[{"href":"https:\/\/lig-membres.imag.fr\/gensel\/wp-json\/wp\/v2\/types\/page"}],"author":[{"embeddable":true,"href":"https:\/\/lig-membres.imag.fr\/gensel\/wp-json\/wp\/v2\/users\/86"}],"replies":[{"embeddable":true,"href":"https:\/\/lig-membres.imag.fr\/gensel\/wp-json\/wp\/v2\/comments?post=224"}],"version-history":[{"count":9,"href":"https:\/\/lig-membres.imag.fr\/gensel\/wp-json\/wp\/v2\/pages\/224\/revisions"}],"predecessor-version":[{"id":1863,"href":"https:\/\/lig-membres.imag.fr\/gensel\/wp-json\/wp\/v2\/pages\/224\/revisions\/1863"}],"up":[{"embeddable":true,"href":"https:\/\/lig-membres.imag.fr\/gensel\/wp-json\/wp\/v2\/pages\/213"}],"wp:attachment":[{"href":"https:\/\/lig-membres.imag.fr\/gensel\/wp-json\/wp\/v2\/media?parent=224"}],"curies":[{"name":"wp","href":"https:\/\/api.w.org\/{rel}","templated":true}]}}