{"id":255,"date":"2011-07-26T15:17:16","date_gmt":"2011-07-26T13:17:16","guid":{"rendered":"http:\/\/lig-membres.imag.fr\/gensel\/?page_id=255"},"modified":"2025-08-12T14:37:14","modified_gmt":"2025-08-12T13:37:14","slug":"comites-dorganisation","status":"publish","type":"page","link":"https:\/\/lig-membres.imag.fr\/gensel\/recherche\/autres-activites-scientifiques\/comites-dorganisation\/","title":{"rendered":"Organisation de conf\u00e9rences \/ workshops"},"content":{"rendered":"<ul>\n<li><span style=\"color: #3366ff\">Co-organisateur<\/span> de la <span style=\"color: #3366ff\">journ\u00e9e d\u2019\u00e9tude \u00ab Analyser les donn\u00e9es biographiques. Quelles m\u00e9thodes ? Quelles approches ? Quels d\u00e9fis ? \u00bb<\/span>, le 24 novembre 2024 \u00e0 l\u2019INED, organis\u00e9e dans le cadre du projet exploratoire Par2Vie du CIST.<\/li>\n<li><span style=\"color: #3366ff\">Co-chairman<\/span> de la conf\u00e9rence international <span style=\"color: #0000ff\">IF&amp;GIS 2015<\/span><\/li>\n<li><span style=\"color: #3366ff\">Co-chairman<\/span> du symposium international <span style=\"color: #0000ff\">W2GIS 2015<\/span><\/li>\n<li><span style=\"color: #3366ff\">Co-pr\u00e9sident<\/span> de la conf\u00e9rence francophone <a title=\"SAGE 2014\" href=\"http:\/\/sageo2014.sciencesconf.org\/\"><span style=\"color: #0000ff\">SAGEO 2014<\/span><\/a><\/li>\n<li><span style=\"color: #3366ff\">Co-organisateur<\/span> du s\u00e9minaire &#8220;Constructions et Repr\u00e9sentation du Bien-\u00eatre&#8221; <a href=\"http:\/\/crbe2013.sciencesconf.org\/index\/\" target=\"_blank\" rel=\"noopener noreferrer\"><span style=\"color: #3366ff\"><span style=\"color: #0000ff\">CRBE2013<\/span><\/span><\/a><\/li>\n<li><span style=\"color: #3366ff\">Co-pr\u00e9sident<\/span> des comit\u00e9s de programme et d&#8217;organisation de la conf\u00e9rence internationale <a href=\"http:\/\/agile2012.imag.fr\/\" target=\"_blank\" rel=\"noopener noreferrer\"><span style=\"color: #3366ff\">AGILE 2012<\/span><\/a><\/li>\n<li><span style=\"color: #3366ff\">Co-pr\u00e9sident <\/span>du comit\u00e9 d\u2019organisation de la conf\u00e9rence internationale <a href=\"http:\/\/wi-iat-2011.org\/\" target=\"_blank\" rel=\"noopener noreferrer\"><span style=\"color: #3366ff\">WI-IAT 2011<\/span><\/a><\/li>\n<li><span style=\"color: #3366ff\">Membre<\/span> du comit\u00e9 d\u2019organisation de la conf\u00e9rence nationale <a href=\"http:\/\/sfc-2009-grenoble.imag.fr\/\" target=\"_blank\" rel=\"noopener noreferrer\"><span style=\"color: #3366ff\">SFC 2009<\/span><\/a><\/li>\n<li><span style=\"color: #3366ff\">Co-organisateur<\/span> du workshop international \u00a0<a href=\"http:\/\/pawi2007.imag.fr\/\" target=\"_blank\" rel=\"noopener noreferrer\"><span style=\"color: #3366ff\">PAWI 2007<\/span><\/a> de la conf\u00e9rence internationale <a href=\"http:\/\/wise2007.loria.fr\/pmwiki\/pmwiki.php\" target=\"_blank\" rel=\"noopener noreferrer\"><span style=\"color: #3366ff\">WISE 2007<\/span><\/a><\/li>\n<li><span style=\"color: #3366ff\">Co-pr\u00e9sident <\/span>du comit\u00e9 d\u2019organisation de la conf\u00e9rence nationale <a href=\"http:\/\/inforsid2005.imag.fr\/\" target=\"_blank\" rel=\"noopener noreferrer\"><span style=\"color: #3366ff\">INFORSID 2005<\/span><\/a><\/li>\n<li><span style=\"color: #3366ff\">Co-organisateur<\/span> du workshop national <span style=\"color: #3366ff\">MetSI 2005 <span style=\"color: #000000\">de la conf\u00e9rence <a href=\"http:\/\/inforsid2005.imag.fr\/\" target=\"_blank\" rel=\"noopener noreferrer\"><span style=\"color: #3366ff\">INFORSID 2005<\/span><\/a><\/span><\/span><\/li>\n<li><span style=\"color: #3366ff\">Co-organisateur<\/span> du workshop national <span style=\"color: #3366ff\">MASIW 2005 <\/span>de la conf\u00e9rence <span style=\"color: #3366ff\">EGC 2005<\/span><\/li>\n<li><span style=\"color: #3366ff\">Membre<\/span> du comit\u00e9 d\u2019organisation de la conf\u00e9rence nationale <a href=\"http:\/\/www-lsr.imag.fr\/Cassini04\/\" target=\"_blank\" rel=\"noopener noreferrer\"><span style=\"color: #3366ff\">C<\/span><span style=\"color: #3366ff\">ASSINI-SIGMA 2004<\/span><\/a><\/li>\n<li><span style=\"color: #3366ff\">Co-organisateur<\/span> du workshop international <a href=\"http:\/\/www-lsr.imag.fr\/MAWIS03\/\" target=\"_blank\" rel=\"noopener noreferrer\"><span style=\"color: #3366ff\">MAWIS 2003<\/span><\/a> de la conf\u00e9rence internationale <a href=\"http:\/\/oois.unige.ch\/\" target=\"_blank\" rel=\"noopener noreferrer\"><span style=\"color: #3366ff\">OOIS 2003<\/span><\/a><\/li>\n<\/ul>\n","protected":false},"excerpt":{"rendered":"<p>Co-organisateur de la journ\u00e9e d\u2019\u00e9tude \u00ab Analyser les donn\u00e9es biographiques. Quelles m\u00e9thodes ? Quelles approches ? Quels d\u00e9fis ? \u00bb, le 24 novembre 2024 \u00e0 l\u2019INED, organis\u00e9e dans le cadre du projet exploratoire Par2Vie du CIST. Co-chairman de la conf\u00e9rence &hellip; <a href=\"https:\/\/lig-membres.imag.fr\/gensel\/recherche\/autres-activites-scientifiques\/comites-dorganisation\/\">Continue reading <span class=\"meta-nav\">&rarr;<\/span><\/a><\/p>\n","protected":false},"author":86,"featured_media":0,"parent":242,"menu_order":1,"comment_status":"closed","ping_status":"closed","template":"sidebar-page.php","meta":{"footnotes":""},"class_list":["post-255","page","type-page","status-publish","hentry"],"_links":{"self":[{"href":"https:\/\/lig-membres.imag.fr\/gensel\/wp-json\/wp\/v2\/pages\/255","targetHints":{"allow":["GET"]}}],"collection":[{"href":"https:\/\/lig-membres.imag.fr\/gensel\/wp-json\/wp\/v2\/pages"}],"about":[{"href":"https:\/\/lig-membres.imag.fr\/gensel\/wp-json\/wp\/v2\/types\/page"}],"author":[{"embeddable":true,"href":"https:\/\/lig-membres.imag.fr\/gensel\/wp-json\/wp\/v2\/users\/86"}],"replies":[{"embeddable":true,"href":"https:\/\/lig-membres.imag.fr\/gensel\/wp-json\/wp\/v2\/comments?post=255"}],"version-history":[{"count":9,"href":"https:\/\/lig-membres.imag.fr\/gensel\/wp-json\/wp\/v2\/pages\/255\/revisions"}],"predecessor-version":[{"id":2023,"href":"https:\/\/lig-membres.imag.fr\/gensel\/wp-json\/wp\/v2\/pages\/255\/revisions\/2023"}],"up":[{"embeddable":true,"href":"https:\/\/lig-membres.imag.fr\/gensel\/wp-json\/wp\/v2\/pages\/242"}],"wp:attachment":[{"href":"https:\/\/lig-membres.imag.fr\/gensel\/wp-json\/wp\/v2\/media?parent=255"}],"curies":[{"name":"wp","href":"https:\/\/api.w.org\/{rel}","templated":true}]}}