{"id":257,"date":"2011-07-26T15:18:27","date_gmt":"2011-07-26T13:18:27","guid":{"rendered":"http:\/\/lig-membres.imag.fr\/gensel\/?page_id=257"},"modified":"2026-04-08T12:11:14","modified_gmt":"2026-04-08T11:11:14","slug":"jurys-de-theses-et-dhdr","status":"publish","type":"page","link":"https:\/\/lig-membres.imag.fr\/gensel\/recherche\/autres-activites-scientifiques\/jurys-de-theses-et-dhdr\/","title":{"rendered":"Jurys de th\u00e8ses et d&#8217;HDR \/ Comit\u00e9s de suivi de th\u00e8se"},"content":{"rendered":"<h5><strong>Jurys de Th\u00e8se<\/strong><\/h5>\n<ul>\n<li>Th\u00e8se de Chinmaya Mishra, I<em>ndian Institute of Information Technology <\/em>(IIIT), Sri City, Chittoor, Inde, soutenue le 8 avril 2026 (<span style=\"color: #3366ff\">Rapporteur<\/span>)<\/li>\n<li>Th\u00e8se de Punjany Dharmen, Universit\u00e9 de Saint-\u00c9tienne, soutenue le 6 octobre 2025 <span style=\"color: #3366ff\">(Rapporteur)<\/span><\/li>\n<li>Th\u00e8se de J\u00e9r\u00e9my Richard, Universit\u00e9 de La Rochelle, soutenue le 22 mai 2023 <span style=\"color: #3366ff\">(Examinateur)<\/span><\/li>\n<li>Th\u00e8se de Julian Edouardo Plazas Pemberthy, Universit\u00e9 de Clermont, soutenue le 13 octobre 2022 <span style=\"color: #3366ff\">(Examinateur)<\/span><\/li>\n<li>Th\u00e8se de Khadija Jradeh, Universit\u00e9 Grenoble Alpes, soutenue le 12 juillet 2022 <span style=\"color: #3366ff\">(Pr\u00e9sident)<\/span><\/li>\n<li>Th\u00e8se de J\u00e9r\u00e9my Riffet, Universit\u00e9 Grenoble Alpes, soutenue le 17 d\u00e9cembre 2021 (<span style=\"color: #3366ff\">Pr\u00e9sident<\/span>)<\/li>\n<li>Th\u00e8se de Cl\u00e9ment Moreau, Universit\u00e9 de Tours, soutenue 25 novembre 2021 (<span style=\"color: #3366ff\">Rapporteur<\/span>)<\/li>\n<li>Th\u00e8se de Vincent Jaillot, Universit\u00e9 de Lyon 2, soutenue le 10 septembre 2020 (<span style=\"color: #3366ff\">Rapporteur <span style=\"color: #000000\">et<\/span> Pr\u00e9sident<\/span>)<\/li>\n<li>Th\u00e8se de Muhammad Arslan, Universit\u00e9 de Bourgogne Franche-Comt\u00e9, soutenue le 12 f\u00e9vrier 2020\u00a0 (<span style=\"color: #3366ff\">Rapporteur<\/span>)<\/li>\n<li>Th\u00e8se de Kamaldeep Singh Oberoi, soutenue le 18 novembre 2019, Universit\u00e9 de Rouen Normandie (<span style=\"color: #3366ff\">Pr\u00e9sident<\/span>)<\/li>\n<li>Th\u00e8se de Laura Di Rocco, soutenue le 14 mars 2019, Universit\u00e9 de G\u00e8nes, Italie (<span style=\"color: #3366ff\">Rapporteur<\/span>)<\/li>\n<li>Th\u00e8se de Sa\u00efd Boularouk, soutenue le 5 d\u00e9cembre 2018, Universit\u00e9 d&#8217;Avignon et des Pays de Vaucluse (<span style=\"color: #3366ff\">Pr\u00e9sident<\/span>)<\/li>\n<li>Th\u00e8se de Mojdeh Soltan Mohammadi, soutenue le 5 juillet 2018, Universit\u00e9 de Montpellier (<span style=\"color: #3366ff\">Rapporteur<\/span>)<\/li>\n<li>Th\u00e8se de Ba Huy Tran, soutenue le 23 novembre 2017, Universit\u00e9 de La Rochelle (<span style=\"color: #3366ff\">Rapporteur<\/span>)<\/li>\n<li>Th\u00e8se de Ricardo Almeida Silva, soutenue le 29 juin 2017, Universit\u00e9 Nouvelle de Lisbonne, Portugal (<span style=\"color: #3366ff\">Rapporteur<\/span>)<\/li>\n<li>Th\u00e8se de Mathieu Domingo, soutenue le 14 d\u00e9cembre\u00a0 2016, Universit\u00e9 de Bretagne Occidentale (<span style=\"color: #3366ff\">Rapporteur<\/span>)<\/li>\n<li>Th\u00e8se de Jules Kouadio, soutenue le 2 d\u00e9cembre 2016, Universit\u00e9 d&#8217;Avignon (<span style=\"color: #3366ff\">Examinateur<\/span>)<\/li>\n<li>Th\u00e8se de Armen Inants, soutenue le 25 avril 2016, Universit\u00e9 de Grenoble (<span style=\"color: #3366ff\">Pr\u00e9sident<\/span>)<\/li>\n<li>Th\u00e8se de Mondi Ravi, soutenue le 19 janvier 2016, Universit\u00e9 de Grenoble (<span style=\"color: #3366ff\">Pr\u00e9sident<\/span>)<\/li>\n<li>Th\u00e8se de Amin Mesmoudi, soutenue le 3 d\u00e9cembre 2015, Universit\u00e9 de Lyon 1 (<span style=\"color: #3366ff\">Examinateur<\/span>)<\/li>\n<li>Th\u00e8se de Sid Ali Selmane, soutenue le 11 mai 2015, Universit\u00e9 de Lyon 2 (<span style=\"color: #3366ff\">Examinateur<\/span>)<\/li>\n<li>Th\u00e8se de Rouaa Wannous, soutenue le 20 octobre 2014, Universit\u00e9 de La Rochelle (<span style=\"color: #3366ff\">Rapporteur<\/span>)<\/li>\n<li>Th\u00e8se de M\u00e3d\u00e3lina Mitran, soutenue le 15 juillet 2014, Universit\u00e9 de Toulouse (<span style=\"color: #3366ff\">Rapporteur<\/span>)<\/li>\n<li>Th\u00e8se de Rachid Aknouche, soutenue le 26 avril 2014, Universit\u00e9 de Lyon 2 (<span style=\"color: #3366ff\">Examinateur<\/span>)<\/li>\n<li>Th\u00e8se de Salma Najar, soutenue le 11 avril 2014, Universit\u00e9 Paris 1 Panth\u00e9on-Sorbonne (<span style=\"color: #3366ff\">Rapporteur<\/span>)<\/li>\n<li>Th\u00e8se de Ily\u00e8s Boukhari, soutenue le 14 janvier 2014, Universit\u00e9 de Poitiers (<span style=\"color: #3366ff\">Rapporteur<\/span>)<\/li>\n<li>Th\u00e8se de Julie Prud&#8217;homme, soutenue le 25 octobre 2013, Universit\u00e9 d&#8217;Avignon (<span style=\"color: #3366ff\">Pr\u00e9sident<\/span>)<\/li>\n<li>Th\u00e8se de Wafa Mefteh, soutenue le 20 septembre 2013, Universit\u00e9 de La Rochelle (<span style=\"color: #3366ff\">Rapporteur<\/span>)<\/li>\n<li>Th\u00e8se de Mondher Bouden, soutenue le 21 ao\u00fbt 2013, Universit\u00e9 Laval \u00e0 Qu\u00e9bec, Canada (<span style=\"color: #3366ff\">Rapporteur<\/span>)<\/li>\n<li>Th\u00e8se de Carmen Brando-Escobar, soutenue le 5 avril 2013, Universit\u00e9 Paris-Est Marne-La-Vall\u00e9e (<span style=\"color: #3366ff\">Rapporteur<\/span>)<\/li>\n<li>Th\u00e8se de Asma Zoghlami, soutenue le 8 mars 2013, Universit\u00e9 Paris 8 (<span style=\"color: #3366ff\">Rapporteur<\/span>)<\/li>\n<li>Th\u00e8se de Dorsaf Zekri, soutenue le 17 janvier 2013, T\u00e9l\u00e9com SudParis et Universit\u00e9 Evry Val Essonne (<span style=\"color: #3366ff\">Rapporteur<\/span>)<\/li>\n<li>Th\u00e8se de Nathalie Abadie, soutenue le 20 novembre 2012, Universit\u00e9 Paris-Est (<span style=\"color: #3366ff\">Examinateur<\/span>)<\/li>\n<li>Th\u00e8se de Kamal Boulil, soutenue le 26 octobre 2012, Universit\u00e9 Blaise Pascal de Clermont-Ferrand (<span style=\"color: #3366ff\">Rapporteur<\/span>)<\/li>\n<li>Th\u00e8se de Derdour Makhlouf, soutenue le 12 f\u00e9vrier 2012, Universit\u00e9 de Pau et des Pays de l&#8217;Adour et Universit\u00e9 Badji Mokhtar d&#8217;Annaba (<span style=\"color: #3366ff\">Pr\u00e9sident<\/span>)<\/li>\n<li>Th\u00e8se de Pierre Allard, soutenue le 12 d\u00e9cembre 2011, Universit\u00e9 de Rennes (<span style=\"color: #3366ff\">Rapporteur<\/span>)<\/li>\n<li>Th\u00e8se de G\u00e9raldine Del Mondo, soutenue le 14 octobre 2011, Conservatoire National des Arts et M\u00e9tiers de Paris et Ecole Navale de Brest (<span style=\"color: #3366ff\">Rapporteur<\/span>)<\/li>\n<li>Th\u00e8se de Yazid Benazzouz, soutenue le 26 ao\u00fbt 2011, Ecole Nationale Sup\u00e9rieure des Mines de Saint-Etienne (<span style=\"color: #3366ff\">Pr\u00e9sident<\/span>)<\/li>\n<li>Th\u00e8se de Chamseddine Zaki, soutenue le 24 juin 2011, Ecole Centrale de Nantes (<span style=\"color: #3366ff\">Pr\u00e9sident<\/span>)<\/li>\n<li>Th\u00e8se de Eric Kergosien, soutenue le 23 juin 2011, Universit\u00e9 de Pau et des Pays de l\u2019Adour (<span style=\"color: #3366ff\">Rapporteur<\/span>)<\/li>\n<li>Th\u00e8se de Kreshnik Musaraj, soutenue le 14 d\u00e9cembre 2010, Universit\u00e9 Claude Bernard, Lyon 1 (<span style=\"color: #3366ff\">Rapporteur<\/span>)<\/li>\n<li>Th\u00e8se de Rami Harrathi, soutenue le 29 septembre 2010, Universit\u00e9 Claude Bernard Lyon 1 (<span style=\"color: #3366ff\">Pr\u00e9sident<\/span>)<\/li>\n<li>Th\u00e8se de Mathieu Petit, soutenue le 14 juin 2010, Conservatoire National des Arts et M\u00e9tiers de Paris et Ecole Navale de Brest (<span style=\"color: #3366ff\">Rapporteur<\/span>)<\/li>\n<li>Th\u00e8se de Eric Faurot, soutenue le 24 mars 2010, Universit\u00e9 de Caen (<span style=\"color: #3366ff\">Rapporteur<\/span>)<\/li>\n<li>Th\u00e8se de Vincent Ganneau soutenue le 20 janvier 2009, Universit\u00e9 Joseph Fourier (<span style=\"color: #3366ff\">Pr\u00e9sident<\/span>)<\/li>\n<li>Th\u00e8se de Rahee Ghurbhurn, soutenue le 27 mai 2008, Ecole Nationale Sup\u00e9rieure des Mines de Saint-Etienne (<span style=\"color: #3366ff\">Rapporteur<\/span>)<\/li>\n<li>Th\u00e8se de Tayeb Lemlouma, soutenue le 9 juin 2004, Institut National Polytechnique de Grenoble (<span style=\"color: #3366ff\">Examinateur<\/span>)<\/li>\n<\/ul>\n<h5><strong>Jurys de HDR<\/strong><\/h5>\n<ul>\n<li>Habilitation \u00e0 Diriger des Recherches de <span style=\"color: #3366ff\">John Samuel<\/span>, soutenue le 14 janvier 2026, Universit\u00e9 Claude Bernard Lyon 1 (<span style=\"color: #3366ff\">Rapporteur<\/span>)<\/li>\n<li>Habilitation \u00e0 Diriger des Recherches de S\u00e9bastien Laborie, soutenue le 29 ao\u00fbt 2024, Universit\u00e9 de Pau et des Pays de l\u2019Adour <span style=\"color: #3366ff\">(Rapporteur)<\/span><\/li>\n<li>Habilitation \u00e0 Diriger des Recherches de David Brosset,\u00a0 soutenue le 13 septembre 2022, Universit\u00e9\u00a0 de Bretagne Occidentale (<span style=\"color: #3366ff\">Rapporteur)<\/span><\/li>\n<li>Habilitation \u00e0 Diriger des Recherches de Marl\u00e8ne Villanova-Oliver, soutenue le 20 novembre 2018, Universit\u00e9 Grenoble Alpes\u00a0 (<span style=\"color: #3366ff\">Examinateur<\/span>)<\/li>\n<li>Habilitation \u00e0 Diriger des Recherches de C\u00e9cile Capponi, soutenue le 24 avril 2018, Aix Marseille Universit\u00e9 (<span style=\"color: #3366ff\">Pr\u00e9sident<\/span>)<\/li>\n<li>Habilitation \u00e0 Diriger des Recherches de Jean-Fran\u00e7ois Desconnets, soutenue le 17 novembre 2017, Universit\u00e9 de Montpellier (<span style=\"color: #3366ff\">Rapporteur<\/span>)<\/li>\n<li>Habilitation \u00e0 Diriger des Recherches de Andr\u00e9 Miralles, soutenue le 26 mai 2016, Universit\u00e9 de Montpellier (<span style=\"color: #3366ff\">Examinateur)<\/span><\/li>\n<li>Habilitation \u00e0 Diriger des Recherches de Anne Puissant, soutenue le 10 d\u00e9cembre 2014, Universit\u00e9 de Strasbourg (<span style=\"color: #3366ff\">Rapporteur<\/span>)<\/li>\n<li>Habilitation \u00e0 Diriger des Recherches de Paule-Annick Davoine, soutenue le 14 f\u00e9vrier 2014, Institut National Polytechnique de Grenoble (<span style=\"color: #3366ff\">Examinateur<\/span>)<\/li>\n<li>Habilitation \u00e0 Diriger des Recherches de Zoubida Kedad, soutenue le 9 d\u00e9cembre 2011, Universit\u00e9 de Saint Quentin en Yvelines (<span style=\"color: #3366ff\">Examinateur<\/span>)<\/li>\n<li>Habilitation \u00e0 Diriger des Recherches de Amel Bouzeghoub, soutenue le 7 juin 2010, Universit\u00e9 Pierre et Marie Curie (<span style=\"color: #3366ff\">Rapporteur<\/span>)<\/li>\n<li>Habilitation \u00e0 Diriger des Recherches de Fran\u00e7ois Pinet, soutenue le 1<sup>er<\/sup> avril 2010, Universit\u00e9 Blaise Pascal (<span style=\"color: #3366ff\">Examinateur<\/span>)<\/li>\n<\/ul>\n<p><strong>Comit\u00e9s de suivi de th\u00e8se<\/strong><\/p>\n<ul>\n<li>de 2021 \u00e0 2025, Felix B\u00f6lz (LIRIS, Lyon)<\/li>\n<li>de 2017 \u00e0 2021, J\u00e9r\u00e9my Riffet (ACROE, Grenoble)<\/li>\n<\/ul>\n","protected":false},"excerpt":{"rendered":"<p>Jurys de Th\u00e8se Th\u00e8se de Chinmaya Mishra, Indian Institute of Information Technology (IIIT), Sri City, Chittoor, Inde, soutenue le 8 avril 2026 (Rapporteur) Th\u00e8se de Punjany Dharmen, Universit\u00e9 de Saint-\u00c9tienne, soutenue le 6 octobre 2025 (Rapporteur) Th\u00e8se de J\u00e9r\u00e9my Richard, &hellip; <a href=\"https:\/\/lig-membres.imag.fr\/gensel\/recherche\/autres-activites-scientifiques\/jurys-de-theses-et-dhdr\/\">Continue reading <span class=\"meta-nav\">&rarr;<\/span><\/a><\/p>\n","protected":false},"author":86,"featured_media":0,"parent":242,"menu_order":4,"comment_status":"closed","ping_status":"closed","template":"sidebar-page.php","meta":{"footnotes":""},"class_list":["post-257","page","type-page","status-publish","hentry"],"_links":{"self":[{"href":"https:\/\/lig-membres.imag.fr\/gensel\/wp-json\/wp\/v2\/pages\/257","targetHints":{"allow":["GET"]}}],"collection":[{"href":"https:\/\/lig-membres.imag.fr\/gensel\/wp-json\/wp\/v2\/pages"}],"about":[{"href":"https:\/\/lig-membres.imag.fr\/gensel\/wp-json\/wp\/v2\/types\/page"}],"author":[{"embeddable":true,"href":"https:\/\/lig-membres.imag.fr\/gensel\/wp-json\/wp\/v2\/users\/86"}],"replies":[{"embeddable":true,"href":"https:\/\/lig-membres.imag.fr\/gensel\/wp-json\/wp\/v2\/comments?post=257"}],"version-history":[{"count":83,"href":"https:\/\/lig-membres.imag.fr\/gensel\/wp-json\/wp\/v2\/pages\/257\/revisions"}],"predecessor-version":[{"id":2109,"href":"https:\/\/lig-membres.imag.fr\/gensel\/wp-json\/wp\/v2\/pages\/257\/revisions\/2109"}],"up":[{"embeddable":true,"href":"https:\/\/lig-membres.imag.fr\/gensel\/wp-json\/wp\/v2\/pages\/242"}],"wp:attachment":[{"href":"https:\/\/lig-membres.imag.fr\/gensel\/wp-json\/wp\/v2\/media?parent=257"}],"curies":[{"name":"wp","href":"https:\/\/api.w.org\/{rel}","templated":true}]}}