{"id":293,"date":"2011-07-26T22:41:36","date_gmt":"2011-07-26T20:41:36","guid":{"rendered":"http:\/\/lig-membres.imag.fr\/gensel\/?page_id=293"},"modified":"2025-04-02T13:15:13","modified_gmt":"2025-04-02T12:15:13","slug":"enseignement","status":"publish","type":"page","link":"https:\/\/lig-membres.imag.fr\/gensel\/enseignement\/","title":{"rendered":"Enseignement"},"content":{"rendered":"<p><a href=\"http:\/\/lig-membres.imag.fr\/gensel\/enseignement\/resume\/\"><span style=\"color: #0000ff\">R\u00e9sum\u00e9<\/span><\/a><br \/>\n<a href=\"http:\/\/lig-membres.imag.fr\/gensel\/enseignement\/enseignements-a-lu-f-r-shs\/\"><span style=\"color: #0000ff\">Liste des enseignements<\/span><\/a><br \/>\n<a href=\"http:\/\/lig-membres.imag.fr\/gensel\/enseignement\/responsabilites\/\"><span style=\"color: #0000ff\">Responsabilit\u00e9s de formation<\/span><\/a><br \/>\n<a href=\"http:\/\/lig-membres.imag.fr\/gensel\/enseignement\/activites-internationales\/\"><span style=\"color: #0000ff\">Activit\u00e9s internationales<\/span><\/a><\/p>\n","protected":false},"excerpt":{"rendered":"<p>R\u00e9sum\u00e9 Liste des enseignements Responsabilit\u00e9s de formation Activit\u00e9s internationales<\/p>\n","protected":false},"author":86,"featured_media":0,"parent":0,"menu_order":2,"comment_status":"closed","ping_status":"closed","template":"sidebar-page.php","meta":{"footnotes":""},"class_list":["post-293","page","type-page","status-publish","hentry"],"_links":{"self":[{"href":"https:\/\/lig-membres.imag.fr\/gensel\/wp-json\/wp\/v2\/pages\/293","targetHints":{"allow":["GET"]}}],"collection":[{"href":"https:\/\/lig-membres.imag.fr\/gensel\/wp-json\/wp\/v2\/pages"}],"about":[{"href":"https:\/\/lig-membres.imag.fr\/gensel\/wp-json\/wp\/v2\/types\/page"}],"author":[{"embeddable":true,"href":"https:\/\/lig-membres.imag.fr\/gensel\/wp-json\/wp\/v2\/users\/86"}],"replies":[{"embeddable":true,"href":"https:\/\/lig-membres.imag.fr\/gensel\/wp-json\/wp\/v2\/comments?post=293"}],"version-history":[{"count":10,"href":"https:\/\/lig-membres.imag.fr\/gensel\/wp-json\/wp\/v2\/pages\/293\/revisions"}],"predecessor-version":[{"id":1922,"href":"https:\/\/lig-membres.imag.fr\/gensel\/wp-json\/wp\/v2\/pages\/293\/revisions\/1922"}],"wp:attachment":[{"href":"https:\/\/lig-membres.imag.fr\/gensel\/wp-json\/wp\/v2\/media?parent=293"}],"curies":[{"name":"wp","href":"https:\/\/api.w.org\/{rel}","templated":true}]}}