{"id":311,"date":"2011-07-28T20:10:21","date_gmt":"2011-07-28T18:10:21","guid":{"rendered":"http:\/\/lig-membres.imag.fr\/gensel\/?page_id=311"},"modified":"2025-12-21T11:48:38","modified_gmt":"2025-12-21T10:48:38","slug":"responsabilites","status":"publish","type":"page","link":"https:\/\/lig-membres.imag.fr\/gensel\/enseignement\/responsabilites\/","title":{"rendered":"Responsabilit\u00e9s de formation"},"content":{"rendered":"<ul>\n<li>Depuis septembre 2024, je suis le responsable de la mention du <span style=\"color: #3366ff\">Master MIASHS de l\u2019UGA<\/span>. Ce master comporte 4 parcours.<\/li>\n<li>Depuis septembre 2021, responsable de la 2<sup>\u00e8me<\/sup> ann\u00e9e du parcours <span style=\"color: #3366ff\">Double Comp\u00e9tence Informatique et Sciences Sociales (DCISS)<\/span> du Master Math\u00e9matiques et Informatique Appliqu\u00e9es aux Sciences Humaines et Sociales <span style=\"color: #3366ff\">(MIASHS)<\/span> de l\u2019Universit\u00e9 Grenoble Alpes.<\/li>\n<li>de 2007 \u00e0 2014 : co-responsable du<span style=\"color: #3366ff\"> Master de site Ing\u00e9nierie de la Cr\u00e9ation, de la Cognition et des Apprentissages (IC2A)<\/span>\n<ul>\n<li>Master de site r\u00e9unissant Grenoble Institut National Polytechnique, l\u2019Universit\u00e9 Joseph Fourier (Grenoble 1) et l\u2019Universit\u00e9 Pierre Mend\u00e8s France (Grenoble 2)<\/li>\n<li>Master comportant 6 sp\u00e9cialit\u00e9s : Sciences Cognitives (SC), Art Sciences et Technologie (AST), Didactique des Sciences (DS), Web Informatique et Connaissances (WIC), M\u00e9thodes et Applications Statistiques pour les Sciences Sociales (MASSS), et Double Comp\u00e9tence Informatique et Sciences Sociales (DCISS)<\/li>\n<\/ul>\n<\/li>\n<li>de 2009 \u00e0 2014 : co-responsable de la <span style=\"color: #3366ff\">Licence Professionnelle Etudes Statistiques et Syst\u00e8mes d\u2019Information G\u00e9ographique<\/span> (<span style=\"color: #3366ff\">ESSIG<\/span>)<\/li>\n<li>de 2004 \u00e0 2012 : co-responsable de la <span style=\"color: #3366ff\">Sp\u00e9cialit\u00e9 Double Comp\u00e9tence Informatique et Sciences Sociales <\/span>(<span style=\"color: #3366ff\">DCISS<\/span>) du Master Ing\u00e9nierie de la Cr\u00e9ation, de la Cognition et des Apprentissages, Universit\u00e9 Pierre Mend\u00e8s France (Grenoble2)<\/li>\n<li><span style=\"color: #000000\">de 1996 \u00e0 2003 : <\/span>co-responsable du <span style=\"color: #3366ff\">DESS Double Comp\u00e9tence Informatique et Sciences Sociales<\/span> (<span style=\"color: #3366ff\">DCISS<\/span>) de l&#8217;Universit\u00e9 Pierre Mend\u00e8s France (Grenoble2)<\/li>\n<\/ul>\n<p>&nbsp;<\/p>\n","protected":false},"excerpt":{"rendered":"<p>Depuis septembre 2024, je suis le responsable de la mention du Master MIASHS de l\u2019UGA. Ce master comporte 4 parcours. Depuis septembre 2021, responsable de la 2\u00e8me ann\u00e9e du parcours Double Comp\u00e9tence Informatique et Sciences Sociales (DCISS) du Master Math\u00e9matiques &hellip; <a href=\"https:\/\/lig-membres.imag.fr\/gensel\/enseignement\/responsabilites\/\">Continue reading <span class=\"meta-nav\">&rarr;<\/span><\/a><\/p>\n","protected":false},"author":86,"featured_media":0,"parent":293,"menu_order":1,"comment_status":"closed","ping_status":"closed","template":"sidebar-page.php","meta":{"footnotes":""},"class_list":["post-311","page","type-page","status-publish","hentry"],"_links":{"self":[{"href":"https:\/\/lig-membres.imag.fr\/gensel\/wp-json\/wp\/v2\/pages\/311","targetHints":{"allow":["GET"]}}],"collection":[{"href":"https:\/\/lig-membres.imag.fr\/gensel\/wp-json\/wp\/v2\/pages"}],"about":[{"href":"https:\/\/lig-membres.imag.fr\/gensel\/wp-json\/wp\/v2\/types\/page"}],"author":[{"embeddable":true,"href":"https:\/\/lig-membres.imag.fr\/gensel\/wp-json\/wp\/v2\/users\/86"}],"replies":[{"embeddable":true,"href":"https:\/\/lig-membres.imag.fr\/gensel\/wp-json\/wp\/v2\/comments?post=311"}],"version-history":[{"count":11,"href":"https:\/\/lig-membres.imag.fr\/gensel\/wp-json\/wp\/v2\/pages\/311\/revisions"}],"predecessor-version":[{"id":2055,"href":"https:\/\/lig-membres.imag.fr\/gensel\/wp-json\/wp\/v2\/pages\/311\/revisions\/2055"}],"up":[{"embeddable":true,"href":"https:\/\/lig-membres.imag.fr\/gensel\/wp-json\/wp\/v2\/pages\/293"}],"wp:attachment":[{"href":"https:\/\/lig-membres.imag.fr\/gensel\/wp-json\/wp\/v2\/media?parent=311"}],"curies":[{"name":"wp","href":"https:\/\/api.w.org\/{rel}","templated":true}]}}