{"id":65,"date":"2011-07-20T18:24:38","date_gmt":"2011-07-20T15:24:38","guid":{"rendered":"http:\/\/lig-membres.imag.fr\/gensel\/?page_id=65"},"modified":"2025-04-02T14:09:10","modified_gmt":"2025-04-02T13:09:10","slug":"recherche","status":"publish","type":"page","link":"https:\/\/lig-membres.imag.fr\/gensel\/recherche\/","title":{"rendered":"Recherche"},"content":{"rendered":"<p><a href=\"http:\/\/lig-membres.imag.fr\/gensel\/recherche\/resume\/\"><span style=\"color: #0000ff\">R\u00e9sum\u00e9<\/span><\/a><br \/>\n<a href=\"http:\/\/lig-membres.imag.fr\/gensel\/recherche\/publications\/\"><span style=\"color: #0000ff\">Publications<\/span><\/a><br \/>\n<a href=\"http:\/\/lig-membres.imag.fr\/gensel\/recherche\/encadrements-scientifiques\/\"><span style=\"color: #0000ff\">Encadrements scientifiques<\/span><\/a><br \/>\n<a href=\"http:\/\/lig-membres.imag.fr\/gensel\/recherche\/projets-scientifiques\/\"><span style=\"color: #0000ff\">Activit\u00e9s contractuelles<\/span><\/a><br \/>\n<a href=\"http:\/\/lig-membres.imag.fr\/gensel\/recherche\/realisations-logicielles\/\"><span style=\"color: #0000ff\">R\u00e9alisations logicielles<\/span><br \/>\n<\/a><a href=\"http:\/\/lig-membres.imag.fr\/gensel\/recherche\/autres-activites-scientifiques\/\"><span style=\"color: #0000ff\">Autres activit\u00e9s scientifiques<\/span><\/a><\/p>\n","protected":false},"excerpt":{"rendered":"<p>R\u00e9sum\u00e9 Publications Encadrements scientifiques Activit\u00e9s contractuelles R\u00e9alisations logicielles Autres activit\u00e9s scientifiques<\/p>\n","protected":false},"author":86,"featured_media":0,"parent":0,"menu_order":2,"comment_status":"closed","ping_status":"closed","template":"sidebar-page.php","meta":{"footnotes":""},"class_list":["post-65","page","type-page","status-publish","hentry"],"_links":{"self":[{"href":"https:\/\/lig-membres.imag.fr\/gensel\/wp-json\/wp\/v2\/pages\/65","targetHints":{"allow":["GET"]}}],"collection":[{"href":"https:\/\/lig-membres.imag.fr\/gensel\/wp-json\/wp\/v2\/pages"}],"about":[{"href":"https:\/\/lig-membres.imag.fr\/gensel\/wp-json\/wp\/v2\/types\/page"}],"author":[{"embeddable":true,"href":"https:\/\/lig-membres.imag.fr\/gensel\/wp-json\/wp\/v2\/users\/86"}],"replies":[{"embeddable":true,"href":"https:\/\/lig-membres.imag.fr\/gensel\/wp-json\/wp\/v2\/comments?post=65"}],"version-history":[{"count":15,"href":"https:\/\/lig-membres.imag.fr\/gensel\/wp-json\/wp\/v2\/pages\/65\/revisions"}],"predecessor-version":[{"id":1792,"href":"https:\/\/lig-membres.imag.fr\/gensel\/wp-json\/wp\/v2\/pages\/65\/revisions\/1792"}],"wp:attachment":[{"href":"https:\/\/lig-membres.imag.fr\/gensel\/wp-json\/wp\/v2\/media?parent=65"}],"curies":[{"name":"wp","href":"https:\/\/api.w.org\/{rel}","templated":true}]}}