{"id":272,"date":"2024-04-02T09:57:47","date_gmt":"2024-04-02T09:57:47","guid":{"rendered":"http:\/\/lig-membres.imag.fr\/mulhem\/?page_id=272"},"modified":"2024-04-25T10:10:42","modified_gmt":"2024-04-25T10:10:42","slug":"projects","status":"publish","type":"page","link":"https:\/\/lig-membres.imag.fr\/mulhem\/projects\/","title":{"rendered":"Projects"},"content":{"rendered":"<h3><\/h3>\n<p>I participate to the following projects.<\/p>\n<h3>Current projects<\/h3>\n<ul>\n<li>LongEval lab for CLEF 2023: Longitudinal Evaluation of\u00a0 Model Performance (<a href=\"http:\/\/lig-membres.imag.fr\/mulhem\/wp-content\/uploads\/sites\/11\/2022\/09\/LongEval-CLEF-slides.pdf\" target=\"_blank\" rel=\"noopener noreferrer\">presentation<\/a> at CLEF 2022)<\/li>\n<li>Kodicare (3 years, from 11\/2019): Knowledge Delta based improvement and continuous evaluation of retrieval engines (ANR PRCI project leader).<\/li>\n<\/ul>\n<h3>Past projects<\/h3>\n<ul>\n<li>Equitri: study on the equity for ranking. LIG Laboratory project (leader).<\/li>\n<li>Gelati: study of eye-tracking for Relevance Feedback. LIG Laboratory project.<\/li>\n<li>RespIR: Personalized socialized information Retrieval. R\u00e9gion Rhone-Alpes Project. In cooperation with Dr. G\u00e9ry from the LaHC in Saint \u00c9tienne.<\/li>\n<li>Guimuteic: Headmounted device for musem visits. Industrial project.<\/li>\n<li>Eirap: One year project, dedciated to study evaluation of IR systems, by comparing lab and crowd-sourced text relevance assessments (EU funded), with F. Scholer (RMIT, Melbourne).<\/li>\n<li>CLICIDE : One Clic one Guide (museum visits). Rhone-Alpes region project.<\/li>\n<li>LIMA : Rhone-Alpes region network.<\/li>\n<li>Quaero : video indexing and retrieval.<\/li>\n<li>PENG\u00a0\u00a0 : Personalized\u00a0 access to multimedia news. 2004-2006 (Projet Europ\u00e9en Framework Program 6)<\/li>\n<li>Structured documents retrieval : France T\u00e9l\u00e9com research contract (2005-2007)<\/li>\n<li>DIVA : Indexing and retrieval of still and moving personal images. 2000-2003. Singapore.<\/li>\n<li>Participation at TRECVID2004 : Retrieval of videos. 2004<\/li>\n<li>WIMUR : Indexing and retrieval of Web images. 2006-2007. Local project.<\/li>\n<li>FERMI : Formalization and Experimentation of Multimedia Information retrieval. European project. ESPRIT Basic Research Action project.<\/li>\n<\/ul>\n<h3><\/h3>\n<h3>1998-2003. Co-Director of <a href=\"http:\/\/www.ipal.cnrs.fr\/\">IPAL<\/a> in Singapore.<\/h3>\n<p>I co-headed the first academic joint-laboratory between the National University of Singapore, the the Institute for Infocomm Research, the french Centre National de la Recherche Scientifique (CNRS), and the Joseph Fourier University of Grenoble.<\/p>\n","protected":false},"excerpt":{"rendered":"<p>I participate to the following projects. Current projects LongEval lab for CLEF 2023: Longitudinal Evaluation of\u00a0 Model Performance (presentation at CLEF 2022) Kodicare (3 years, from 11\/2019): Knowledge Delta based improvement and continuous evaluation of retrieval engines (ANR PRCI project leader). Past projects Equitri: study on the equity for ranking. LIG Laboratory project (leader). Gelati: &hellip; <a href=\"https:\/\/lig-membres.imag.fr\/mulhem\/projects\/\" class=\"more-link\">Continue reading<span class=\"screen-reader-text\"> &#8220;Projects&#8221;<\/span><\/a><\/p>\n","protected":false},"author":11,"featured_media":0,"parent":0,"menu_order":0,"comment_status":"closed","ping_status":"closed","template":"page-templates\/page-right.php","meta":{"footnotes":""},"class_list":["post-272","page","type-page","status-publish","hentry"],"_links":{"self":[{"href":"https:\/\/lig-membres.imag.fr\/mulhem\/wp-json\/wp\/v2\/pages\/272","targetHints":{"allow":["GET"]}}],"collection":[{"href":"https:\/\/lig-membres.imag.fr\/mulhem\/wp-json\/wp\/v2\/pages"}],"about":[{"href":"https:\/\/lig-membres.imag.fr\/mulhem\/wp-json\/wp\/v2\/types\/page"}],"author":[{"embeddable":true,"href":"https:\/\/lig-membres.imag.fr\/mulhem\/wp-json\/wp\/v2\/users\/11"}],"replies":[{"embeddable":true,"href":"https:\/\/lig-membres.imag.fr\/mulhem\/wp-json\/wp\/v2\/comments?post=272"}],"version-history":[{"count":2,"href":"https:\/\/lig-membres.imag.fr\/mulhem\/wp-json\/wp\/v2\/pages\/272\/revisions"}],"predecessor-version":[{"id":275,"href":"https:\/\/lig-membres.imag.fr\/mulhem\/wp-json\/wp\/v2\/pages\/272\/revisions\/275"}],"wp:attachment":[{"href":"https:\/\/lig-membres.imag.fr\/mulhem\/wp-json\/wp\/v2\/media?parent=272"}],"curies":[{"name":"wp","href":"https:\/\/api.w.org\/{rel}","templated":true}]}}