{"id":101,"date":"2015-03-12T11:01:25","date_gmt":"2015-03-12T10:01:25","guid":{"rendered":"http:\/\/lig-membres.imag.fr\/quenot\/?page_id=101"},"modified":"2015-03-12T11:33:34","modified_gmt":"2015-03-12T10:33:34","slug":"events","status":"publish","type":"page","link":"https:\/\/lig-membres.imag.fr\/quenot\/events\/","title":{"rendered":"<!--:fr-->\u00c9v\u00e9nements<!--:--><!--:en-->Events<!--:-->"},"content":{"rendered":"<p><!--:fr-->Georges Qu\u00e9not.<\/p>\n<h3>Conf\u00e9rences, ateliers:<\/h3>\n<ul>\n<li><a href=\"http:\/\/www.cbmi2010.org\/committees.html\">CBMI 2010<\/a>.<\/li>\n<li><a href=\"http:\/\/mrim.imag.fr\/ifcvcr2012\/index.html\">IFCVCR 2012<\/a>.<\/li>\n<\/ul>\n<h3>\u00c9coles,Tutoriels:<\/h3>\n<ul>\n<li><a href=\"http:\/\/mrim.imag.fr\/earia06\/main_earia.html\">EARIA 2006<\/a>.<\/li>\n<li>ACM Multimedia 2007&amp;nbsp:<a href=\"http:\/\/mrim.imag.fr\/georges.quenot\/slides\/acm-mm07.pdf\">Active Learning for Multimedia<\/a>,<\/li>\n<li><a href=\"http:\/\/diuf.unifr.ch\/people\/lalanned\/3emeCycle07\/\">Winter School on Multimedia Search Engines<\/a>&amp;nbsp:<a href=\"http:\/\/mrim.imag.fr\/georges.quenot\/slides\/wsmse07.pdf\">Video processing for indexing and retrieval<\/a>,<\/li>\n<\/ul>\n<h3>\u00c9valuation:<\/h3>\n<ul>\n<li><a href=\"http:\/\/www-nlpir.nist.gov\/projects\/tv2015\/tv2015.html#sin\">TRECVID semantic indexing task<\/a>.<\/li>\n<li><a href=\"http:\/\/mrim.imag.fr\/tvca\/\">TRECVID collaborative annotation<\/a>.<\/li>\n<\/ul>\n<p><!--:--><!--:en-->Georges Qu\u00e9not.<\/p>\n<h3>Conferences, workshops:<\/h3>\n<ul>\n<li><a href=\"http:\/\/www.cbmi2010.org\/committees.html\">CBMI 2010<\/a>.<\/li>\n<li><a href=\"http:\/\/mrim.imag.fr\/ifcvcr2012\/index.html\">IFCVCR 2012<\/a>.<\/li>\n<\/ul>\n<h3>Schools,Tutorials:<\/h3>\n<ul>\n<li><a href=\"http:\/\/mrim.imag.fr\/earia06\/main_earia.html\">EARIA 2006<\/a>.<\/li>\n<li>ACM Multimedia 2007:<a href=\"http:\/\/mrim.imag.fr\/georges.quenot\/slides\/acm-mm07.pdf\">Active Learning for Multimedia<\/a>,<\/li>\n<li><a href=\"http:\/\/diuf.unifr.ch\/people\/lalanned\/3emeCycle07\/\">Winter School on Multimedia Search Engines<\/a>:<a href=\"http:\/\/mrim.imag.fr\/georges.quenot\/slides\/wsmse07.pdf\">Video processing for indexing and retrieval<\/a>,<\/li>\n<\/ul>\n<h3>Benchmarks:<\/h3>\n<ul>\n<li><a href=\"http:\/\/www-nlpir.nist.gov\/projects\/tv2015\/tv2015.html#sin\">TRECVID semantic indexing task<\/a>.<\/li>\n<li><a href=\"http:\/\/mrim.imag.fr\/tvca\/\">TRECVID collaborative annotation<\/a>.<\/li>\n<\/ul>\n<p><!--:--><\/p>\n","protected":false},"excerpt":{"rendered":"<p>Georges Qu\u00e9not. Conf\u00e9rences, ateliers: CBMI 2010. IFCVCR 2012. \u00c9coles,Tutoriels: EARIA 2006. ACM Multimedia 2007&amp;nbsp:Active Learning for Multimedia, Winter School on Multimedia Search Engines&amp;nbsp:Video processing for indexing and retrieval, \u00c9valuation: TRECVID semantic indexing task. TRECVID collaborative annotation. Georges Qu\u00e9not. Conferences, workshops: CBMI 2010. IFCVCR 2012. Schools,Tutorials: EARIA 2006. ACM Multimedia 2007:Active Learning for Multimedia, Winter School [&hellip;]<\/p>\n","protected":false},"author":163,"featured_media":0,"parent":0,"menu_order":0,"comment_status":"closed","ping_status":"open","template":"","meta":{"footnotes":""},"class_list":["post-101","page","type-page","status-publish","hentry"],"_links":{"self":[{"href":"https:\/\/lig-membres.imag.fr\/quenot\/wp-json\/wp\/v2\/pages\/101","targetHints":{"allow":["GET"]}}],"collection":[{"href":"https:\/\/lig-membres.imag.fr\/quenot\/wp-json\/wp\/v2\/pages"}],"about":[{"href":"https:\/\/lig-membres.imag.fr\/quenot\/wp-json\/wp\/v2\/types\/page"}],"author":[{"embeddable":true,"href":"https:\/\/lig-membres.imag.fr\/quenot\/wp-json\/wp\/v2\/users\/163"}],"replies":[{"embeddable":true,"href":"https:\/\/lig-membres.imag.fr\/quenot\/wp-json\/wp\/v2\/comments?post=101"}],"version-history":[{"count":5,"href":"https:\/\/lig-membres.imag.fr\/quenot\/wp-json\/wp\/v2\/pages\/101\/revisions"}],"predecessor-version":[{"id":119,"href":"https:\/\/lig-membres.imag.fr\/quenot\/wp-json\/wp\/v2\/pages\/101\/revisions\/119"}],"wp:attachment":[{"href":"https:\/\/lig-membres.imag.fr\/quenot\/wp-json\/wp\/v2\/media?parent=101"}],"curies":[{"name":"wp","href":"https:\/\/api.w.org\/{rel}","templated":true}]}}