{"id":13,"date":"2016-09-12T13:36:24","date_gmt":"2016-09-12T13:36:24","guid":{"rendered":"http:\/\/lig-membres.imag.fr\/vacher\/?page_id=13"},"modified":"2019-06-12T14:59:11","modified_gmt":"2019-06-12T14:59:11","slug":"page-personnelle-home-page","status":"publish","type":"page","link":"https:\/\/lig-membres.imag.fr\/vacher\/","title":{"rendered":"Page personnelle (HOME PAGE)"},"content":{"rendered":"<h3>Michel VACHER<\/h3>\n<ul>\n<li><em>Statut<\/em> : <b>Ing\u00e9nieur de Recherche Hors Classe CNRS &#8211; HDR <\/b><\/li>\n<li><em>Sp\u00e9cialit\u00e9<\/em> : <b>Calcul Scientifique<\/b><\/li>\n<li style=\"text-align: justify\"><em>Recherches<\/em> : au sein de l&#8217;\u00e9quipe <b>GETALP<\/b> du laboratoire <b>LIG (<\/b>Groupe d&#8217;Etude en Traduction\/Traitement automatique des Langues et de la Parole)<\/li>\n<li style=\"text-align: justify\"><em>Th\u00e8mes de recherch<\/em>e :\n<ul>\n<li style=\"text-align: justify\">Reconnaissance automatique de la parole, des locuteurs, des sons et des dialectes<\/li>\n<li style=\"text-align: justify\">Analyse sonore et interaction dans les environnements perceptifs<\/li>\n<li style=\"text-align: justify\">Interaction en contexte<\/li>\n<\/ul>\n<\/li>\n<li style=\"text-align: justify\"><em>D\u00e9fis<\/em> : B\u00e2timent Intelligent, Assistance \u00e0 Domicile, Multimodalit\u00e9, Evaluation, Interaction en contexte<\/li>\n<li style=\"text-align: justify\"><em>Autres activit\u00e9s<\/em> :\n<ol>\n<li style=\"text-align: justify\"><strong>Directeur Adjoint<\/strong> de l&#8217;<a href=\"https:\/\/carnot-lsi.com\/\">Institut Carnot LSI<\/a> (Logiciels et Syst\u00e8mes Intelligents)<\/li>\n<li style=\"text-align: justify\"><strong>Responsable scientifique<\/strong> du projet ANR <a href=\"https:\/\/vocadom.imag.fr\/\">VOCADOM <\/a>(2016)<\/li>\n<li style=\"text-align: justify\">Participation au projet CASSIE (Investissements d&#8217;Avenir)<\/li>\n<li style=\"text-align: justify\">Directeur de th\u00e8se<\/li>\n<li style=\"text-align: justify\">Membre du bureau \u00e9ditorial du journal JAISE : <a href=\"http:\/\/www.iospress.nl\/journal\/journal-of-ambient-intelligence-and-smart-environments\/\">Journal of Ambient Intelligence and Smart Environments<\/a><\/li>\n<\/ol>\n<\/li>\n<\/ul>\n<p><a href=\"http:\/\/www.cnrs.fr\/\"><img loading=\"lazy\" decoding=\"async\" class=\"alignnone wp-image-78\" src=\"http:\/\/lig-membres.imag.fr\/vacher\/wp-content\/uploads\/sites\/226\/2016\/09\/logo_CNRS_new.jpg\" alt=\"logo_CNRS_new\" width=\"150\" height=\"93\" \/><\/a><a href=\"http:\/\/www.liglab.fr\/\"><img loading=\"lazy\" decoding=\"async\" class=\"alignnone wp-image-76\" src=\"http:\/\/lig-membres.imag.fr\/vacher\/wp-content\/uploads\/sites\/226\/2016\/09\/LIG_coul.png\" alt=\"LIG_coul\" width=\"112\" height=\"96\" \/><\/a><a href=\"http:\/\/www.carnot-lsi.com\/\"><img loading=\"lazy\" decoding=\"async\" class=\"alignnone wp-image-75\" src=\"http:\/\/lig-membres.imag.fr\/vacher\/wp-content\/uploads\/sites\/226\/2016\/09\/getalp-h100.jpg\" alt=\"getalp-h100\" width=\"155\" height=\"60\" \/><img loading=\"lazy\" decoding=\"async\" class=\"alignnone wp-image-230\" src=\"http:\/\/lig-membres.imag.fr\/vacher\/wp-content\/uploads\/sites\/226\/2016\/09\/Logo_IC-LSI-300x122.jpg\" alt=\"\" width=\"157\" height=\"64\" srcset=\"https:\/\/lig-membres.imag.fr\/vacher\/wp-content\/uploads\/sites\/226\/2016\/09\/Logo_IC-LSI-300x122.jpg 300w, https:\/\/lig-membres.imag.fr\/vacher\/wp-content\/uploads\/sites\/226\/2016\/09\/Logo_IC-LSI-768x311.jpg 768w, https:\/\/lig-membres.imag.fr\/vacher\/wp-content\/uploads\/sites\/226\/2016\/09\/Logo_IC-LSI-1024x415.jpg 1024w, https:\/\/lig-membres.imag.fr\/vacher\/wp-content\/uploads\/sites\/226\/2016\/09\/Logo_IC-LSI.jpg 1519w\" sizes=\"auto, (max-width: 157px) 100vw, 157px\" \/><\/a><\/p>\n","protected":false},"excerpt":{"rendered":"<p>Michel VACHER Statut : Ing\u00e9nieur de Recherche Hors Classe CNRS &#8211; HDR Sp\u00e9cialit\u00e9 : Calcul Scientifique Recherches : au sein de l&#8217;\u00e9quipe GETALP du laboratoire LIG (Groupe d&#8217;Etude en Traduction\/Traitement automatique des Langues et de la Parole) Th\u00e8mes de recherche : Reconnaissance automatique de la parole, des locuteurs, des sons et des dialectes Analyse sonore &hellip; <a href=\"https:\/\/lig-membres.imag.fr\/vacher\/\" class=\"more-link\">Continue reading <span class=\"screen-reader-text\">Page personnelle (HOME PAGE)<\/span> <span class=\"meta-nav\">&rarr;<\/span><\/a><\/p>\n","protected":false},"author":845,"featured_media":0,"parent":0,"menu_order":0,"comment_status":"closed","ping_status":"closed","template":"","meta":{"footnotes":""},"class_list":["post-13","page","type-page","status-publish","hentry"],"_links":{"self":[{"href":"https:\/\/lig-membres.imag.fr\/vacher\/wp-json\/wp\/v2\/pages\/13","targetHints":{"allow":["GET"]}}],"collection":[{"href":"https:\/\/lig-membres.imag.fr\/vacher\/wp-json\/wp\/v2\/pages"}],"about":[{"href":"https:\/\/lig-membres.imag.fr\/vacher\/wp-json\/wp\/v2\/types\/page"}],"author":[{"embeddable":true,"href":"https:\/\/lig-membres.imag.fr\/vacher\/wp-json\/wp\/v2\/users\/845"}],"replies":[{"embeddable":true,"href":"https:\/\/lig-membres.imag.fr\/vacher\/wp-json\/wp\/v2\/comments?post=13"}],"version-history":[{"count":13,"href":"https:\/\/lig-membres.imag.fr\/vacher\/wp-json\/wp\/v2\/pages\/13\/revisions"}],"predecessor-version":[{"id":259,"href":"https:\/\/lig-membres.imag.fr\/vacher\/wp-json\/wp\/v2\/pages\/13\/revisions\/259"}],"wp:attachment":[{"href":"https:\/\/lig-membres.imag.fr\/vacher\/wp-json\/wp\/v2\/media?parent=13"}],"curies":[{"name":"wp","href":"https:\/\/api.w.org\/{rel}","templated":true}]}}