{"id":2295,"date":"2019-05-11T18:18:28","date_gmt":"2019-05-11T17:18:28","guid":{"rendered":"http:\/\/lig-membres.imag.fr\/villanov\/?page_id=2295"},"modified":"2024-07-04T15:02:03","modified_gmt":"2024-07-04T14:02:03","slug":"parcours","status":"publish","type":"page","link":"https:\/\/lig-membres.imag.fr\/villanov\/fr\/parcours\/","title":{"rendered":"Parcours"},"content":{"rendered":"<table dir=\"ltr\" width=\"700\" cellspacing=\"0\" cellpadding=\"0\">\n<tbody>\n<tr>\n<td colspan=\"2\" align=\"justify\" valign=\"bottom\" width=\"539\" height=\"32\">\n<h1>D\u00e9roulement de Carri\u00e8re<\/h1>\n<\/td>\n<\/tr>\n<tr>\n<td align=\"justify\" valign=\"top\" width=\"83\" height=\"18\">Depuis 2023<\/td>\n<td align=\"justify\" valign=\"top\" width=\"455\" height=\"18\">Professeure des Universit\u00e9s \u00e0 l\u2019IUT2 de l\u2019UGA, d\u00e9partement Science des Donn\u00e9es (SD)<\/td>\n<\/tr>\n<tr>\n<td align=\"justify\" valign=\"top\" width=\"83\" height=\"18\">2003-2023<\/td>\n<td align=\"justify\" valign=\"top\" width=\"455\" height=\"18\">Ma\u00eetre de Conf\u00e9rences \u00e0 l\u2019IUT2 de l\u2019UGA, d\u00e9partement SD (ex-STID).<br \/>\nHDR en 2018.<\/td>\n<\/tr>\n<tr>\n<td align=\"justify\" valign=\"top\" width=\"83\" height=\"18\">2002-2003<\/td>\n<td align=\"justify\" valign=\"top\" width=\"455\" height=\"18\">ATER \u00e0 l\u2019IUT2 de l\u2019UPMF, d\u00e9partements Informatique et STID.<\/td>\n<\/tr>\n<tr>\n<td align=\"justify\" valign=\"top\" width=\"83\" height=\"19\">1999-2002<\/td>\n<td align=\"justify\" valign=\"top\" width=\"455\" height=\"19\"><!-- [if pub]&gt;-->Monitrice \u00e0 l\u2019IUT2 de l\u2019UPMF, d\u00e9partements GEA et Informatique.<\/td>\n<\/tr>\n<tr>\n<td colspan=\"2\" align=\"justify\" valign=\"bottom\" width=\"539\" height=\"22\">\n<h1>Formations et Dipl\u00f4mes Universitaires<\/h1>\n<\/td>\n<\/tr>\n<tr>\n<td align=\"justify\" valign=\"top\" width=\"83\" height=\"52\">2018<\/td>\n<td align=\"justify\" valign=\"top\" width=\"455\" height=\"52\">Habilitation \u00e0 Diriger des Recherches de la Communaut\u00e9 Universit\u00e9 Grenoble Alpes, r\u00e9alis\u00e9e au sein du Laboratoire d\u2019Informatique de Grenoble (LIG). Manuscrit intitul\u00e9 &#8220;Repr\u00e9sentations de connaissances spatiales \u00e9volutives : des ontologies aux g\u00e9ovisualisations&#8221;.<\/td>\n<\/tr>\n<tr>\n<td align=\"justify\" valign=\"top\" width=\"83\" height=\"52\">1999-2002<\/td>\n<td align=\"justify\" valign=\"top\" width=\"455\" height=\"52\">Th\u00e8se de Doctorat de l\u2019Institut National Polytechnique de Grenoble (INPG), r\u00e9alis\u00e9e au Laboratoire Logiciels, Syst\u00e8mes, R\u00e9seaux (LSR)<br \/>\nTh\u00e8se intitul\u00e9e \u2018Adaptabilit\u00e9 dans les syst\u00e8mes d\u2019information sur le web : mod\u00e9lisation et mise en \u0153uvre de l\u2019acc\u00e8s progressif\u2019, codirig\u00e9e par <a href=\"http:\/\/www-lsr.imag.fr\/users\/Herve.Martin\/\">Herv\u00e9 Martin<\/a> (Professeur UJF) et <a href=\"http:\/\/www-lsr.imag.fr\/users\/Jerome.Gensel\/index.htm\">J\u00e9r\u00f4me Gensel<\/a> (Professeur UPMF)<\/td>\n<\/tr>\n<tr>\n<td align=\"justify\" valign=\"top\" width=\"83\" height=\"30\">1998-1999<\/td>\n<td align=\"justify\" valign=\"top\" width=\"455\" height=\"30\">Dipl\u00f4me Europ\u00e9en de 3<sup>\u00e8me<\/sup> Cycle MATIS \u2018Management and Technology of Information Systems\u2019, habilit\u00e9 au DEA en Syst\u00e8mes d\u2019Information de l\u2019Universit\u00e9 Joseph Fourier, option Technologie des Syst\u00e8mes d\u2019Information<\/td>\n<\/tr>\n<tr>\n<td align=\"justify\" valign=\"top\" width=\"83\" height=\"17\">1997-1998<\/td>\n<td align=\"justify\" valign=\"top\" width=\"455\" height=\"17\">DESS DCISS \u2018Double Comp\u00e9tence\u00a0: Informatique et Sciences Sociales\u2019 de l\u2019UPMF<\/td>\n<\/tr>\n<tr>\n<td align=\"justify\" valign=\"top\" width=\"83\" height=\"20\">1996-1997<\/td>\n<td align=\"justify\" valign=\"top\" width=\"455\" height=\"20\">Ma\u00eetrise de Psychologie Cognitive de l\u2019UPMF<\/td>\n<\/tr>\n<tr>\n<td align=\"justify\" valign=\"top\" width=\"83\" height=\"18\">1995-1996<\/td>\n<td align=\"justify\" valign=\"top\" width=\"455\" height=\"18\">Licence de Psychologie de l\u2019UPMF<\/td>\n<\/tr>\n<tr>\n<td align=\"justify\" valign=\"top\" width=\"83\" height=\"20\">1993-1995<\/td>\n<td align=\"justify\" valign=\"top\" width=\"455\" height=\"20\">DEUG en Sciences Humaines de l\u2019UPMF<\/td>\n<\/tr>\n<\/tbody>\n<\/table>\n<p>&nbsp;<\/p>\n","protected":false},"excerpt":{"rendered":"<p>D\u00e9roulement de Carri\u00e8re Depuis 2023 Professeure des Universit\u00e9s \u00e0 l\u2019IUT2 de l\u2019UGA, d\u00e9partement Science des Donn\u00e9es (SD) 2003-2023 Ma\u00eetre de Conf\u00e9rences \u00e0 l\u2019IUT2 de l\u2019UGA, d\u00e9partement SD (ex-STID). HDR en 2018. 2002-2003 ATER \u00e0 l\u2019IUT2 de l\u2019UPMF, d\u00e9partements Informatique et STID. 1999-2002 Monitrice \u00e0 l\u2019IUT2 de l\u2019UPMF, d\u00e9partements GEA et Informatique. Formations et Dipl\u00f4mes Universitaires [&hellip;]<\/p>\n","protected":false},"author":87,"featured_media":0,"parent":0,"menu_order":0,"comment_status":"closed","ping_status":"closed","template":"","meta":{"footnotes":""},"class_list":["post-2295","page","type-page","status-publish","hentry"],"_links":{"self":[{"href":"https:\/\/lig-membres.imag.fr\/villanov\/wp-json\/wp\/v2\/pages\/2295","targetHints":{"allow":["GET"]}}],"collection":[{"href":"https:\/\/lig-membres.imag.fr\/villanov\/wp-json\/wp\/v2\/pages"}],"about":[{"href":"https:\/\/lig-membres.imag.fr\/villanov\/wp-json\/wp\/v2\/types\/page"}],"author":[{"embeddable":true,"href":"https:\/\/lig-membres.imag.fr\/villanov\/wp-json\/wp\/v2\/users\/87"}],"replies":[{"embeddable":true,"href":"https:\/\/lig-membres.imag.fr\/villanov\/wp-json\/wp\/v2\/comments?post=2295"}],"version-history":[{"count":6,"href":"https:\/\/lig-membres.imag.fr\/villanov\/wp-json\/wp\/v2\/pages\/2295\/revisions"}],"predecessor-version":[{"id":2374,"href":"https:\/\/lig-membres.imag.fr\/villanov\/wp-json\/wp\/v2\/pages\/2295\/revisions\/2374"}],"wp:attachment":[{"href":"https:\/\/lig-membres.imag.fr\/villanov\/wp-json\/wp\/v2\/media?parent=2295"}],"curies":[{"name":"wp","href":"https:\/\/api.w.org\/{rel}","templated":true}]}}