{"id":2301,"date":"2019-05-11T18:24:40","date_gmt":"2019-05-11T17:24:40","guid":{"rendered":"http:\/\/lig-membres.imag.fr\/villanov\/?page_id=2301"},"modified":"2025-02-20T11:23:56","modified_gmt":"2025-02-20T10:23:56","slug":"recherche","status":"publish","type":"page","link":"https:\/\/lig-membres.imag.fr\/villanov\/fr\/recherche\/","title":{"rendered":"Recherche"},"content":{"rendered":"<div class=\"page\" title=\"Page 2\">\n<div class=\"layoutArea\">\n<div class=\"column\">\n<p>Mes travaux s&#8217;inscrivent, d\u2019une part, dans le champ de la repre\u0301sentation des connaissances multidimensionnelles (spatiales, temporelles et th\u00e9matiques) a\u0300 l\u2019e\u0300re du Web Se\u0301mantique et, d\u2019autre part, les techniques de ge\u0301ovisualisation. Ces deux champs sont explore\u0301s conjointement pour proposer de nouvelles approches, outils et me\u0301thodologies de\u0301die\u0301e a\u0300 une construction plus efficiente des repre\u0301sentations (conceptuelle et ge\u0301ovisuelle) des connaissances relevant des Sciences de l\u2019Information Ge\u0301ographique essentiellement mobilis\u00e9es par les Sciences Humaines et Sociales. Pr\u00e9alablement men\u00e9 au sein de l&#8217;<a href=\"http:\/\/steamer.imag.fr\" target=\"_blank\" rel=\"noopener noreferrer\">\u00e9quipe STeamer,<\/a> mes recherches se centrent aujourd&#8217;hui sur l\u2019e\u0301tude des trajectoires de vie abord\u00e9 par une nouvelle \u00e9quipe cr\u00e9\u00e9e en 2025 au sein du LIG et appel\u00e9e STORIES.<\/p>\n<p>Le projet scientifique de STORIES est centr\u00e9 sur le concept num\u00e9rique de trajectoire s\u00e9mantique et sur la notion d\u2019\u00e9volution spatio-temporelle. Aujourd\u2019hui, la mod\u00e9lisation et l\u2019analyse des trajectoires s\u00e9mantiques forment un domaine de recherche bien identifi\u00e9 et tr\u00e8s actif, qui s\u2019est ouvert \u00e0 des probl\u00e9matiques d\u2019analyse de l\u2019\u00e9volution dans le temps et dans l\u2019espace d\u2019objets qui ne sont plus seulement des \u00ab objets mobiles \u00bb, mais toute chose du monde (concr\u00e8te ou immat\u00e9rielle). En toute g\u00e9n\u00e9ralit\u00e9, le d\u00e9fi consiste \u00e0 repr\u00e9senter, collecter, stocker, interroger, analyser, comparer, visualiser, comprendre et expliquer l\u2019\u00e9volution, dans divers r\u00e9f\u00e9rentiels, d\u2019un objet quel qu\u2019il soit. Forg\u00e9e depuis plus de 15 ans dans le cadre de collaborations avec des chercheurs et des experts de domaines vari\u00e9s (en sciences, sant\u00e9, SHS, &#8230;), l\u2019approche de l\u2019\u00e9quipe STORIES se d\u00e9marque aujourd\u2019hui \u00e0 la fois par une expertise reconnue dans le d\u00e9veloppement de trajectoires s\u00e9mantiques pour des objets d\u2019\u00e9tude originaux (\u00e9volution des territoires, parcours de vie, &#8230;), et par la conception et\u00a0 l\u2019op\u00e9rationnalisation d\u2019une cha\u00eene compl\u00e8te d\u00e9di\u00e9e au traitement de ces trajectoires\u00a0 s\u00e9mantiques. Depuis 2020, des collaborations avec des chercheurs en informatique, en g\u00e9ographie et sciences de l\u2019environnement, en sociologie et d\u00e9mographie, ainsi qu\u2019en statistique, ont \u00e9t\u00e9 \u00e9tablies et ont permis de lancer des projets (ANR TRACES 2021, CIST Par2Vie 2023, IDEX DELTA 2024, CNRS 80 PRIME 2024, RENNES 2 COPAVIE 2024, H2020 YEAH! 2024). Pour relever les d\u00e9fis scientifiques pos\u00e9s, les travaux de STORIES s\u2019inscrivent dans les champs de recherche suivants : la repr\u00e9sentation de connaissances et le Web S\u00e9mantique, le\u00a0 raisonnement spatial et le raisonnement temporel, l\u2019enrichissement et l\u2019interrogation de donn\u00e9es, l\u2019analyse de donn\u00e9es multi-dimensionnelles, la visualisation d\u2019informations spatiales, temporelles et multidimensionnelles, et les sciences de l\u2019information g\u00e9ographique.<\/p>\n<p>Pour une liste de mes publications, vous pouvez consulter :<\/p>\n<\/div>\n<\/div>\n<\/div>\n<ul>\n<li><a href=\"https:\/\/dblp.uni-trier.de\/pers\/hd\/v\/Villanova=Oliver:Marl=egrave=ne\" target=\"_blank\" rel=\"noopener noreferrer\">DBPL<\/a><\/li>\n<li><a href=\"https:\/\/hal.inria.fr\/search\/index\/?q=%2A&amp;authIdHal_s=marlene-villanova-oliver&amp;sort=producedDate_tdate+desc\" target=\"_blank\" rel=\"noopener noreferrer\">HAL<\/a><\/li>\n<\/ul>\n<p>Depuis 2022, je dirige le <a href=\"https:\/\/gdr-magis.cnrs.fr\/\">GDR CNRS MAGIS<\/a> (M\u00e9thodes et Applications pour la G\u00e9omatique et l&#8217;Information Spatiale) avec Matthieu Noucher (DR CNRS, UMR PASSAGE).\u00a0 Fran\u00e7oise Gourmelon (DR CNRS, UMR LETG) \u00e9tait \u00e9galement dans l&#8217;\u00e9quipe de direction jusqu&#8217;en 2024.<\/p>\n","protected":false},"excerpt":{"rendered":"<p>Mes travaux s&#8217;inscrivent, d\u2019une part, dans le champ de la repre\u0301sentation des connaissances multidimensionnelles (spatiales, temporelles et th\u00e9matiques) a\u0300 l\u2019e\u0300re du Web Se\u0301mantique et, d\u2019autre part, les techniques de ge\u0301ovisualisation. Ces deux champs sont explore\u0301s conjointement pour proposer de nouvelles approches, outils et me\u0301thodologies de\u0301die\u0301e a\u0300 une construction plus efficiente des repre\u0301sentations (conceptuelle et ge\u0301ovisuelle) [&hellip;]<\/p>\n","protected":false},"author":87,"featured_media":0,"parent":0,"menu_order":0,"comment_status":"closed","ping_status":"closed","template":"","meta":{"footnotes":""},"class_list":["post-2301","page","type-page","status-publish","hentry"],"_links":{"self":[{"href":"https:\/\/lig-membres.imag.fr\/villanov\/wp-json\/wp\/v2\/pages\/2301","targetHints":{"allow":["GET"]}}],"collection":[{"href":"https:\/\/lig-membres.imag.fr\/villanov\/wp-json\/wp\/v2\/pages"}],"about":[{"href":"https:\/\/lig-membres.imag.fr\/villanov\/wp-json\/wp\/v2\/types\/page"}],"author":[{"embeddable":true,"href":"https:\/\/lig-membres.imag.fr\/villanov\/wp-json\/wp\/v2\/users\/87"}],"replies":[{"embeddable":true,"href":"https:\/\/lig-membres.imag.fr\/villanov\/wp-json\/wp\/v2\/comments?post=2301"}],"version-history":[{"count":9,"href":"https:\/\/lig-membres.imag.fr\/villanov\/wp-json\/wp\/v2\/pages\/2301\/revisions"}],"predecessor-version":[{"id":2388,"href":"https:\/\/lig-membres.imag.fr\/villanov\/wp-json\/wp\/v2\/pages\/2301\/revisions\/2388"}],"wp:attachment":[{"href":"https:\/\/lig-membres.imag.fr\/villanov\/wp-json\/wp\/v2\/media?parent=2301"}],"curies":[{"name":"wp","href":"https:\/\/api.w.org\/{rel}","templated":true}]}}