{"id":45,"date":"2014-02-05T22:57:25","date_gmt":"2014-02-05T21:57:25","guid":{"rendered":"http:\/\/lig-membres.imag.fr\/villanov\/?page_id=45"},"modified":"2025-02-20T11:07:43","modified_gmt":"2025-02-20T10:07:43","slug":"encadrements","status":"publish","type":"page","link":"https:\/\/lig-membres.imag.fr\/villanov\/fr\/encadrements\/","title":{"rendered":"Encadrements"},"content":{"rendered":"<p style=\"text-align: center\"><strong>THESES<\/strong> &#8211; <a title=\"MASTER\" href=\"http:\/\/lig-membres.imag.fr\/villanov\/encadrements\/2\/\">MASTER<\/a><\/p>\r\n<ul>\r\n<li>en cours (#1) : Benjamin Fontaine (2024-)<\/li>\r\n<li>soutenues (#7) : <a href=\"https:\/\/mthh.github.io\/portfolio\/\">Matthieu Viry<\/a> (2021), <a href=\"http:\/\/steamer.imag.fr\/?page_id=71\">Camille Bernard<\/a> (2019), <a title=\"David No\u00ebl\" href=\"http:\/\/steamer.imag.fr\/?page_id=156\">David No\u00ebl<\/a> (2019), <a title=\"C\u00e9cile Saint-Marc\" href=\"http:\/\/steamer.imag.fr\/?page_id=77\">C\u00e9cile Saint-Marc<\/a> (2017), <a title=\"Anthony Hombiat\" href=\"http:\/\/steamer.imag.fr\/?page_id=67\">Anthony Hombiat<\/a> (2017), Alina Dia Miron (2009), Marius Bilasco (2007)<\/li>\r\n<\/ul>\r\n<hr noshade=\"noshade\" size=\"2\" \/>\r\n<p><em>Th\u00e8ses en cours<\/em><\/p>\r\n<p>Oct. 2024 \u2014\u00a0 : Co-direction avec P. Sebille (Univ. Rennes 2, ESO) de la th\u00e8se de <strong>Benjamin Fontiane<\/strong> sur le th\u00e8me &#8220;Collecte des donn\u00e9es de parcours de vie&#8221; (financement CNRS 80 PRIME).<\/p>\r\n<p><em>Th\u00e8ses Soutenues<\/em><\/p>\r\n<p>Oct. 2018 \u2014 D\u00e9c. 2021 : Co-direction avec P.-A. Davoine de la th\u00e8se de <strong>Matthieu Viry<\/strong> sur le th\u00e8me &#8220;A declarative approach based on Semantic Web technologies to specify and generate adaptive geovisualisations&#8221; (financement ANR, <a href=\"http:\/\/choucas.ign.fr\">Projet Choucas<\/a>).<\/p>\r\n<p>Oct. 2015 \u2014Nov. 2019 : Co-direction avec J. Gensel et H. Dao de la th\u00e8se de <strong>Camille Bernard<\/strong> sur le th\u00e8me &#8220;Management and Spatio-Temporal Visualization of Territorial Statistical Information in the context of the Web of Data.&#8221; (financement R\u00e9gion Rh\u00f4ne-Alpes &#8211; ARC7).<\/p>\r\n<p>Oct. 2014 \u2014 Jun. 2019 : Co-encadrement sous la responsabilit\u00e9 de J. Gensel et de P. Le Qu\u00e9au de la th\u00e8se de <strong>David No\u00ebl<\/strong> sur le th\u00e8me &#8220;<em><b>Une approche bas\u00e9e sur le Web<\/b><b> <\/b><b>s\u00e9mantique pour l\u2019\u00e9tude de trajectoires de vie<\/b><\/em>.&#8221; (financement R\u00e9gion Rh\u00f4ne-Alpes &#8211; ARC7).<\/p>\r\n<p>Jan. 2014 \u2014 Mai 2017 : Co-encadrement sous la responsabilit\u00e9 de P.A. Davoine de la th\u00e8se de <strong>C\u00e9cile Saint-Marc<\/strong> sur le th\u00e8me &#8220;Repr\u00e9sentations cartographiques et g\u00e9ovisualisation des dynamiques spatio-temporelles des risques naturels : applications aux risques d\u2019inondation impactant le r\u00e9seau ferroviaire fran\u00e7ais&#8221;. (financement CIFRE-ANRT en partenariat avec la SNCF).<\/p>\r\n<p>Oct. 2012 \u2014 F\u00e9v. 2017 : Co-encadrement sous la responsabilit\u00e9 de J. Gensel de la th\u00e8se de <strong>Anthony Hombiat<\/strong> sur le th\u00e8me &#8220;M\u00e9thodes et outils d&#8217;analyse territoriale \u00e0 base d&#8217;indicateurs de bien-\u00eatre soutenable&#8221; (financement UPMF \/ Minatec Ideas Lab).<\/p>\r\n<p>Oct. 2006 \u2014 D\u00e9c. 2009 : Co-encadrement sous la responsabilit\u00e9 de J. Gensel de la th\u00e8se de <strong>Alina Dia Miron<\/strong> (Universit\u00e9 Joseph Fourier) sur le th\u00e8me \u2018D\u00e9couverte d\u2019associations s\u00e9mantiques pour le\u00a0 Web s\u00e9mantique g\u00e9ospatial : le framework ONTOAST\u2019. Soutenue le 8 d\u00e9cembre 2009.<\/p>\r\n<p>Oct. 2003 \u2014 D\u00e9c. 2007 : Co-encadrement sous la responsabilit\u00e9 de H. Martin de la th\u00e8se de <strong>Ioan Marius Bilasco<\/strong> (Universit\u00e9 Joseph Fourier) intitul\u00e9e \u2018Une approche s\u00e9mantique pour la r\u00e9utilisation et l\u2019adaptation de donn\u00e9es 3D\u2019.<\/p>\r\n<p style=\"padding-left: 60px\"><!--nextpage--><\/p>\r\n<p style=\"text-align: center\"><a title=\"THESES\" href=\"http:\/\/lig-membres.imag.fr\/villanov\/encadrements\/\">THESES<\/a> <strong>MASTER<\/strong><\/p>\r\n<hr noshade=\"noshade\" size=\"2\" \/>\r\n<p>2022 &#8211; 2023 : <strong>Etienne Thomas<\/strong> (Master 2 UGA &#8211; Informatique et Cognition) sur le sujet \u2018Outil de collecte de donn\u00e9es de Trajectoires de vie\u2019, r\u00e9alis\u00e9 dans le cadre d\u2019une collaboration avec l\u2019INED et l\u2019universit\u00e9 de Rennes 2. Co-encadrement avec J. Gensel et C. Bernard.<\/p>\r\n<p>2017-2018\u00a0: <strong>Matthew Sreeves<\/strong> (Master 2 Grenoble INP &#8211; MOSIG) sur le sujet \u2018<em>Towards a geovisualization tool ensuring traceability of hypotheses made by first-aid workers when trying to localize a victim lost in mountain<\/em>, r\u00e9alis\u00e9 dans le cadre du projet de recherche ANR CHOUCAS.<\/p>\r\n<p>2013-2014\u00a0: <strong>David No\u00ebl (<\/strong>Master 2 UGA &#8211; ICA DCISS) sur le sujet \u2018<em>Recitoire\u00a0: Application client\/serveur d\u00e9di\u00e9 \u00e0 la collecte et l\u2019analyse de donn\u00e9es citoyenne<\/em>s\u2019, r\u00e9alis\u00e9 dans le cadre du projet de recherche inter SFR FabTer.<\/p>\r\n<p>2011-2012 : <strong>Soreangsey Kiv<\/strong> (Master 2R SIGAL UJF) sur le sujet \u2018Approche m\u00e9thodologique pour l\u2019aide \u00e0 la conception d\u2019environnements de g\u00e9ovisualisation\u2019. Co-encadrement avec P-A. Davoine.<\/p>\r\n<p>2009-2010 : Co-encadrement (avec M-C Rousset, \u00e9quipe HADAS\/LIG) de <strong>Qiang Fu<\/strong> (Master MoSIG Universit\u00e9 Joseph Fourier) sur le sujet \u2018Une approche s\u00e9mantique pour la d\u00e9tection d\u2019incoh\u00e9rences entre informations provenant du web\u2019.<\/p>\r\n<p>2009-2010 : Co-encadrement (avec D. Zi\u00e9belin) de <strong>Aastha Sharma<\/strong> (Master MoSIG Universit\u00e9 Joseph Fourier) sur le sujet \u2018Semantic Web Services Description and Classification\u2019.<\/p>\r\n<p>2006-2007\u00a0: Co-encadrement (avec I.M. Bilasco) de<strong> Ramon Lamana<\/strong> (Master 2R (Intelligence, Interaction et Information) Universit\u00e9 Joseph Fourier) sur le sujet \u2018Approche d\u00e9clarative pour la r\u00e9utilisation de contenus 3D\u2019.<\/p>\r\n<p>2003-2004\u00a0: Co-encadrement (avec J. Gensel) de <strong>Ba-Quan Nguyen<\/strong> (Master 2R (Intelligence, Interaction et Information) Universit\u00e9 Joseph Fourier) sur le sujet \u2018Adaptativit\u00e9 dans les Syst\u00e8mes d\u2019Information sur le Web\u2019.<\/p>\r\n<p>2002-2003\u00a0: Co-encadrement (avec J. Gensel) de<strong> Ioan Marius Bilasco<\/strong> (DEA Informatique, Syst\u00e8me et Communication de l\u2019Universit\u00e9 Joseph Fourier) sur le sujet \u2018Mod\u00e8les de Pr\u00e9sentations Multim\u00e9dias Adaptables\u2019.<\/p>\r\n<p>2001-2002 : Co-encadrement (avec J. Gensel) de <strong>Mehdi Adda<\/strong> (DEA Informatique, Syst\u00e8me et Communication de l&#8217;Universit\u00e9 Joseph Fourier) sur le sujet \u2018Mod\u00e8les de S\u00e9curit\u00e9 pour les Syst\u00e8mes d&#8217;Information bas\u00e9s sur le Web\u2019.<\/p>\r\n<p>&nbsp;<\/p>\r\n\r\n<p>&nbsp;<\/p>\r\n","protected":false},"excerpt":{"rendered":"<p>THESES &#8211; MASTER en cours (#1) : Benjamin Fontaine (2024-) soutenues (#7) : Matthieu Viry (2021), Camille Bernard (2019), David No\u00ebl (2019), C\u00e9cile Saint-Marc (2017), Anthony Hombiat (2017), Alina Dia Miron (2009), Marius Bilasco (2007) Th\u00e8ses en cours Oct. 2024 \u2014\u00a0 : Co-direction avec P. Sebille (Univ. Rennes 2, ESO) de la th\u00e8se de Benjamin [&hellip;]<\/p>\n","protected":false},"author":87,"featured_media":0,"parent":0,"menu_order":0,"comment_status":"closed","ping_status":"closed","template":"","meta":{"footnotes":""},"class_list":["post-45","page","type-page","status-publish","hentry"],"_links":{"self":[{"href":"https:\/\/lig-membres.imag.fr\/villanov\/wp-json\/wp\/v2\/pages\/45","targetHints":{"allow":["GET"]}}],"collection":[{"href":"https:\/\/lig-membres.imag.fr\/villanov\/wp-json\/wp\/v2\/pages"}],"about":[{"href":"https:\/\/lig-membres.imag.fr\/villanov\/wp-json\/wp\/v2\/types\/page"}],"author":[{"embeddable":true,"href":"https:\/\/lig-membres.imag.fr\/villanov\/wp-json\/wp\/v2\/users\/87"}],"replies":[{"embeddable":true,"href":"https:\/\/lig-membres.imag.fr\/villanov\/wp-json\/wp\/v2\/comments?post=45"}],"version-history":[{"count":29,"href":"https:\/\/lig-membres.imag.fr\/villanov\/wp-json\/wp\/v2\/pages\/45\/revisions"}],"predecessor-version":[{"id":2386,"href":"https:\/\/lig-membres.imag.fr\/villanov\/wp-json\/wp\/v2\/pages\/45\/revisions\/2386"}],"wp:attachment":[{"href":"https:\/\/lig-membres.imag.fr\/villanov\/wp-json\/wp\/v2\/media?parent=45"}],"curies":[{"name":"wp","href":"https:\/\/api.w.org\/{rel}","templated":true}]}}